{"id":8677,"date":"2026-04-27T15:38:00","date_gmt":"2026-04-27T13:38:00","guid":{"rendered":"https:\/\/arbr.fr\/wordpress\/?page_id=8677"},"modified":"2026-04-27T15:51:08","modified_gmt":"2026-04-27T13:51:08","slug":"206-nettoyage","status":"publish","type":"page","link":"https:\/\/arbr.fr\/wordpress\/206-nettoyage\/","title":{"rendered":"2026 Nettoyage"},"content":{"rendered":"\r\n<figure class=\"wp-block-image\"><img loading=\"lazy\" decoding=\"async\" class=\"wp-image-8579\" src=\"https:\/\/arbr.fr\/wordpress\/wp-content\/uploads\/2026\/03\/2026-02-20-Affiche-Nettoyage-BR-724x1024.jpg\" alt=\"\" width=\"393\" height=\"556\" srcset=\"https:\/\/arbr.fr\/wordpress\/wp-content\/uploads\/2026\/03\/2026-02-20-Affiche-Nettoyage-BR-724x1024.jpg 724w, https:\/\/arbr.fr\/wordpress\/wp-content\/uploads\/2026\/03\/2026-02-20-Affiche-Nettoyage-BR-212x300.jpg 212w, https:\/\/arbr.fr\/wordpress\/wp-content\/uploads\/2026\/03\/2026-02-20-Affiche-Nettoyage-BR-768x1086.jpg 768w, https:\/\/arbr.fr\/wordpress\/wp-content\/uploads\/2026\/03\/2026-02-20-Affiche-Nettoyage-BR.jpg 1050w\" sizes=\"(max-width: 393px) 100vw, 393px\" \/> &nbsp;<img loading=\"lazy\" decoding=\"async\" class=\"alignnone  wp-image-8683\" src=\"https:\/\/arbr.fr\/wordpress\/wp-content\/uploads\/2026\/04\/2026-04-equipe-site-arbr.jpg\" alt=\"\" width=\"380\" height=\"371\" srcset=\"https:\/\/arbr.fr\/wordpress\/wp-content\/uploads\/2026\/04\/2026-04-equipe-site-arbr.jpg 600w, https:\/\/arbr.fr\/wordpress\/wp-content\/uploads\/2026\/04\/2026-04-equipe-site-arbr-300x293.jpg 300w\" sizes=\"(max-width: 380px) 100vw, 380px\" \/><\/figure>\r\n\r\n\r\n\r\n<p>Marie pour l&rsquo;AIPE et Claudine pour l&rsquo;ARBR ont cette ann\u00e9e \u00e9t\u00e9 moteur du nettoyage de quartier annuel.<\/p>\r\n\r\n\r\n\r\n<p>La mobilisation d&rsquo;une quinzaine d&rsquo;adultes et enfants du quartier \u00e0 tout de m\u00eame permis de ramasser :&nbsp;<\/p>\r\n\r\n\r\n\r\n<ul class=\"wp-block-list\">\r\n<li>55kg d&rsquo;ordures m\u00e9nag\u00e8res<\/li>\r\n\r\n\r\n\r\n<li>5 kg d&rsquo;ordures recyclables<\/li>\r\n\r\n\r\n\r\n<li>5 kg de verre<\/li>\r\n\r\n\r\n\r\n<li>500g de m\u00e9gots<\/li>\r\n\r\n\r\n\r\n<li>1 carcasse de v\u00e9lo<\/li>\r\n\r\n\r\n\r\n<li>1 valise \u00e0 roulettes<\/li>\r\n\r\n\r\n\r\n<li>1 plot jaune de signalisation<\/li>\r\n\r\n\r\n\r\n<li>1 bouteille de protoxyde d&rsquo;axote<\/li>\r\n<\/ul>\r\n\r\n\r\n\r\n<p>Marie \u00e0 aussi fait un retour \u00e0 la mairie d&rsquo;Orvault pour signaler des encombrants de type ardoises fibro-ciment, parpaing, garde coprs, poteaux \u00e0 \u00e9vacuer sur des zones du quartier.<\/p>\r\n\r\n\r\n\r\n<p>Merci \u00e0 elle et \u00e0 tous les participants b\u00e9n\u00e9voles !<\/p>\r\n<p>&nbsp;<\/p>\r\n\r\n\r\n","protected":false},"excerpt":{"rendered":"<p>Marie pour l&rsquo;AIPE et Claudine pour l&rsquo;ARBR ont cette ann\u00e9e \u00e9t\u00e9 moteur du nettoyage de quartier annuel. La mobilisation d&rsquo;une quinzaine d&rsquo;adultes et enfants du quartier \u00e0 tout de m\u00eame permis de ramasser :&nbsp;&#46;&#46;&#46;<\/p>\n","protected":false},"author":4,"featured_media":0,"parent":0,"menu_order":0,"comment_status":"closed","ping_status":"closed","template":"","meta":{"ngg_post_thumbnail":0,"footnotes":""},"class_list":["post-8677","page","type-page","status-publish","hentry"],"yoast_head":"<!-- This site is optimized with the Yoast SEO plugin v24.1 - https:\/\/yoast.com\/wordpress\/plugins\/seo\/ -->\n<title>2026 Nettoyage - ARBR<\/title>\n<meta name=\"robots\" content=\"index, follow, max-snippet:-1, max-image-preview:large, max-video-preview:-1\" \/>\n<link rel=\"canonical\" href=\"https:\/\/arbr.fr\/wordpress\/206-nettoyage\/\" \/>\n<meta property=\"og:locale\" content=\"fr_FR\" \/>\n<meta property=\"og:type\" content=\"article\" \/>\n<meta property=\"og:title\" content=\"2026 Nettoyage - ARBR\" \/>\n<meta property=\"og:description\" content=\"Marie pour l&rsquo;AIPE et Claudine pour l&rsquo;ARBR ont cette ann\u00e9e \u00e9t\u00e9 moteur du nettoyage de quartier annuel. La mobilisation d&rsquo;une quinzaine d&rsquo;adultes et enfants du quartier \u00e0 tout de m\u00eame permis de ramasser :&nbsp;&#046;&#046;&#046;\" \/>\n<meta property=\"og:url\" content=\"https:\/\/arbr.fr\/wordpress\/206-nettoyage\/\" \/>\n<meta property=\"og:site_name\" content=\"ARBR\" \/>\n<meta property=\"article:modified_time\" content=\"2026-04-27T13:51:08+00:00\" \/>\n<meta property=\"og:image\" content=\"https:\/\/arbr.fr\/wordpress\/wp-content\/uploads\/2026\/03\/2026-02-20-Affiche-Nettoyage-BR.jpg\" \/>\n\t<meta property=\"og:image:width\" content=\"1050\" \/>\n\t<meta property=\"og:image:height\" content=\"1485\" \/>\n\t<meta property=\"og:image:type\" content=\"image\/jpeg\" \/>\n<meta name=\"twitter:card\" content=\"summary_large_image\" \/>\n<meta name=\"twitter:label1\" content=\"Dur\u00e9e de lecture estim\u00e9e\" \/>\n\t<meta name=\"twitter:data1\" content=\"1 minute\" \/>\n<script type=\"application\/ld+json\" class=\"yoast-schema-graph\">{\"@context\":\"https:\/\/schema.org\",\"@graph\":[{\"@type\":\"WebPage\",\"@id\":\"https:\/\/arbr.fr\/wordpress\/206-nettoyage\/\",\"url\":\"https:\/\/arbr.fr\/wordpress\/206-nettoyage\/\",\"name\":\"2026 Nettoyage - ARBR\",\"isPartOf\":{\"@id\":\"https:\/\/arbr.fr\/wordpress\/#website\"},\"primaryImageOfPage\":{\"@id\":\"https:\/\/arbr.fr\/wordpress\/206-nettoyage\/#primaryimage\"},\"image\":{\"@id\":\"https:\/\/arbr.fr\/wordpress\/206-nettoyage\/#primaryimage\"},\"thumbnailUrl\":\"https:\/\/arbr.fr\/wordpress\/wp-content\/uploads\/2026\/03\/2026-02-20-Affiche-Nettoyage-BR-724x1024.jpg\",\"datePublished\":\"2026-04-27T13:38:00+00:00\",\"dateModified\":\"2026-04-27T13:51:08+00:00\",\"breadcrumb\":{\"@id\":\"https:\/\/arbr.fr\/wordpress\/206-nettoyage\/#breadcrumb\"},\"inLanguage\":\"fr-FR\",\"potentialAction\":[{\"@type\":\"ReadAction\",\"target\":[\"https:\/\/arbr.fr\/wordpress\/206-nettoyage\/\"]}]},{\"@type\":\"ImageObject\",\"inLanguage\":\"fr-FR\",\"@id\":\"https:\/\/arbr.fr\/wordpress\/206-nettoyage\/#primaryimage\",\"url\":\"https:\/\/arbr.fr\/wordpress\/wp-content\/uploads\/2026\/03\/2026-02-20-Affiche-Nettoyage-BR.jpg\",\"contentUrl\":\"https:\/\/arbr.fr\/wordpress\/wp-content\/uploads\/2026\/03\/2026-02-20-Affiche-Nettoyage-BR.jpg\",\"width\":1050,\"height\":1485},{\"@type\":\"BreadcrumbList\",\"@id\":\"https:\/\/arbr.fr\/wordpress\/206-nettoyage\/#breadcrumb\",\"itemListElement\":[{\"@type\":\"ListItem\",\"position\":1,\"name\":\"Accueil\",\"item\":\"https:\/\/arbr.fr\/wordpress\/\"},{\"@type\":\"ListItem\",\"position\":2,\"name\":\"2026 Nettoyage\"}]},{\"@type\":\"WebSite\",\"@id\":\"https:\/\/arbr.fr\/wordpress\/#website\",\"url\":\"https:\/\/arbr.fr\/wordpress\/\",\"name\":\"ARBR\",\"description\":\"Association des r\u00e9sidents du Bois Raguenet\",\"publisher\":{\"@id\":\"https:\/\/arbr.fr\/wordpress\/#organization\"},\"potentialAction\":[{\"@type\":\"SearchAction\",\"target\":{\"@type\":\"EntryPoint\",\"urlTemplate\":\"https:\/\/arbr.fr\/wordpress\/?s={search_term_string}\"},\"query-input\":{\"@type\":\"PropertyValueSpecification\",\"valueRequired\":true,\"valueName\":\"search_term_string\"}}],\"inLanguage\":\"fr-FR\"},{\"@type\":\"Organization\",\"@id\":\"https:\/\/arbr.fr\/wordpress\/#organization\",\"name\":\"ARBR\",\"url\":\"https:\/\/arbr.fr\/wordpress\/\",\"logo\":{\"@type\":\"ImageObject\",\"inLanguage\":\"fr-FR\",\"@id\":\"https:\/\/arbr.fr\/wordpress\/#\/schema\/logo\/image\/\",\"url\":\"https:\/\/arbr.fr\/wordpress\/wp-content\/uploads\/2017\/03\/0.png\",\"contentUrl\":\"https:\/\/arbr.fr\/wordpress\/wp-content\/uploads\/2017\/03\/0.png\",\"width\":650,\"height\":283,\"caption\":\"ARBR\"},\"image\":{\"@id\":\"https:\/\/arbr.fr\/wordpress\/#\/schema\/logo\/image\/\"}}]}<\/script>\n<!-- \/ Yoast SEO plugin. -->","yoast_head_json":{"title":"2026 Nettoyage - ARBR","robots":{"index":"index","follow":"follow","max-snippet":"max-snippet:-1","max-image-preview":"max-image-preview:large","max-video-preview":"max-video-preview:-1"},"canonical":"https:\/\/arbr.fr\/wordpress\/206-nettoyage\/","og_locale":"fr_FR","og_type":"article","og_title":"2026 Nettoyage - ARBR","og_description":"Marie pour l&rsquo;AIPE et Claudine pour l&rsquo;ARBR ont cette ann\u00e9e \u00e9t\u00e9 moteur du nettoyage de quartier annuel. La mobilisation d&rsquo;une quinzaine d&rsquo;adultes et enfants du quartier \u00e0 tout de m\u00eame permis de ramasser :&nbsp;&#46;&#46;&#46;","og_url":"https:\/\/arbr.fr\/wordpress\/206-nettoyage\/","og_site_name":"ARBR","article_modified_time":"2026-04-27T13:51:08+00:00","og_image":[{"width":1050,"height":1485,"url":"https:\/\/arbr.fr\/wordpress\/wp-content\/uploads\/2026\/03\/2026-02-20-Affiche-Nettoyage-BR.jpg","type":"image\/jpeg"}],"twitter_card":"summary_large_image","twitter_misc":{"Dur\u00e9e de lecture estim\u00e9e":"1 minute"},"schema":{"@context":"https:\/\/schema.org","@graph":[{"@type":"WebPage","@id":"https:\/\/arbr.fr\/wordpress\/206-nettoyage\/","url":"https:\/\/arbr.fr\/wordpress\/206-nettoyage\/","name":"2026 Nettoyage - ARBR","isPartOf":{"@id":"https:\/\/arbr.fr\/wordpress\/#website"},"primaryImageOfPage":{"@id":"https:\/\/arbr.fr\/wordpress\/206-nettoyage\/#primaryimage"},"image":{"@id":"https:\/\/arbr.fr\/wordpress\/206-nettoyage\/#primaryimage"},"thumbnailUrl":"https:\/\/arbr.fr\/wordpress\/wp-content\/uploads\/2026\/03\/2026-02-20-Affiche-Nettoyage-BR-724x1024.jpg","datePublished":"2026-04-27T13:38:00+00:00","dateModified":"2026-04-27T13:51:08+00:00","breadcrumb":{"@id":"https:\/\/arbr.fr\/wordpress\/206-nettoyage\/#breadcrumb"},"inLanguage":"fr-FR","potentialAction":[{"@type":"ReadAction","target":["https:\/\/arbr.fr\/wordpress\/206-nettoyage\/"]}]},{"@type":"ImageObject","inLanguage":"fr-FR","@id":"https:\/\/arbr.fr\/wordpress\/206-nettoyage\/#primaryimage","url":"https:\/\/arbr.fr\/wordpress\/wp-content\/uploads\/2026\/03\/2026-02-20-Affiche-Nettoyage-BR.jpg","contentUrl":"https:\/\/arbr.fr\/wordpress\/wp-content\/uploads\/2026\/03\/2026-02-20-Affiche-Nettoyage-BR.jpg","width":1050,"height":1485},{"@type":"BreadcrumbList","@id":"https:\/\/arbr.fr\/wordpress\/206-nettoyage\/#breadcrumb","itemListElement":[{"@type":"ListItem","position":1,"name":"Accueil","item":"https:\/\/arbr.fr\/wordpress\/"},{"@type":"ListItem","position":2,"name":"2026 Nettoyage"}]},{"@type":"WebSite","@id":"https:\/\/arbr.fr\/wordpress\/#website","url":"https:\/\/arbr.fr\/wordpress\/","name":"ARBR","description":"Association des r\u00e9sidents du Bois Raguenet","publisher":{"@id":"https:\/\/arbr.fr\/wordpress\/#organization"},"potentialAction":[{"@type":"SearchAction","target":{"@type":"EntryPoint","urlTemplate":"https:\/\/arbr.fr\/wordpress\/?s={search_term_string}"},"query-input":{"@type":"PropertyValueSpecification","valueRequired":true,"valueName":"search_term_string"}}],"inLanguage":"fr-FR"},{"@type":"Organization","@id":"https:\/\/arbr.fr\/wordpress\/#organization","name":"ARBR","url":"https:\/\/arbr.fr\/wordpress\/","logo":{"@type":"ImageObject","inLanguage":"fr-FR","@id":"https:\/\/arbr.fr\/wordpress\/#\/schema\/logo\/image\/","url":"https:\/\/arbr.fr\/wordpress\/wp-content\/uploads\/2017\/03\/0.png","contentUrl":"https:\/\/arbr.fr\/wordpress\/wp-content\/uploads\/2017\/03\/0.png","width":650,"height":283,"caption":"ARBR"},"image":{"@id":"https:\/\/arbr.fr\/wordpress\/#\/schema\/logo\/image\/"}}]}},"_links":{"self":[{"href":"https:\/\/arbr.fr\/wordpress\/wp-json\/wp\/v2\/pages\/8677"}],"collection":[{"href":"https:\/\/arbr.fr\/wordpress\/wp-json\/wp\/v2\/pages"}],"about":[{"href":"https:\/\/arbr.fr\/wordpress\/wp-json\/wp\/v2\/types\/page"}],"author":[{"embeddable":true,"href":"https:\/\/arbr.fr\/wordpress\/wp-json\/wp\/v2\/users\/4"}],"replies":[{"embeddable":true,"href":"https:\/\/arbr.fr\/wordpress\/wp-json\/wp\/v2\/comments?post=8677"}],"version-history":[{"count":5,"href":"https:\/\/arbr.fr\/wordpress\/wp-json\/wp\/v2\/pages\/8677\/revisions"}],"predecessor-version":[{"id":8685,"href":"https:\/\/arbr.fr\/wordpress\/wp-json\/wp\/v2\/pages\/8677\/revisions\/8685"}],"wp:attachment":[{"href":"https:\/\/arbr.fr\/wordpress\/wp-json\/wp\/v2\/media?parent=8677"}],"curies":[{"name":"wp","href":"https:\/\/api.w.org\/{rel}","templated":true}]}}

<figure class="wp-block-image"><img loading="lazy" decoding="async" class="wp-image-8579" src="https://arbr.fr/wordpress/wp-content/uploads/2026/03/2026-02-20-Affiche-Nettoyage-BR-724x1024.jpg" alt="" width="393" height="556" srcset="https://arbr.fr/wordpress/wp-content/uploads/2026/03/2026-02-20-Affiche-Nettoyage-BR-724x1024.jpg 724w, https://arbr.fr/wordpress/wp-content/uploads/2026/03/2026-02-20-Affiche-Nettoyage-BR-212x300.jpg 212w, https://arbr.fr/wordpress/wp-content/uploads/2026/03/2026-02-20-Affiche-Nettoyage-BR-768x1086.jpg 768w, https://arbr.fr/wordpress/wp-content/uploads/2026/03/2026-02-20-Affiche-Nettoyage-BR.jpg 1050w" sizes="(max-width: 393px) 100vw, 393px" /> &nbsp;<img loading="lazy" decoding="async" class="alignnone  wp-image-8683" src="https://arbr.fr/wordpress/wp-content/uploads/2026/04/2026-04-equipe-site-arbr.jpg" alt="" width="380" height="371" srcset="https://arbr.fr/wordpress/wp-content/uploads/2026/04/2026-04-equipe-site-arbr.jpg 600w, https://arbr.fr/wordpress/wp-content/uploads/2026/04/2026-04-equipe-site-arbr-300x293.jpg 300w" sizes="(max-width: 380px) 100vw, 380px" /></figure>



<p>Marie pour l&rsquo;AIPE et Claudine pour l&rsquo;ARBR ont cette année été moteur du nettoyage de quartier annuel.</p>



<p>La mobilisation d&rsquo;une quinzaine d&rsquo;adultes et enfants du quartier à tout de même permis de ramasser :&nbsp;</p>



<ul class="wp-block-list">
<li>55kg d&rsquo;ordures ménagères</li>



<li>5 kg d&rsquo;ordures recyclables</li>



<li>5 kg de verre</li>



<li>500g de mégots</li>



<li>1 carcasse de vélo</li>



<li>1 valise à roulettes</li>



<li>1 plot jaune de signalisation</li>



<li>1 bouteille de protoxyde d&rsquo;axote</li>
</ul>



<p>Marie à aussi fait un retour à la mairie d&rsquo;Orvault pour signaler des encombrants de type ardoises fibro-ciment, parpaing, garde coprs, poteaux à évacuer sur des zones du quartier.</p>



<p>Merci à elle et à tous les participants bénévoles !</p>
<p>&nbsp;</p>

<p>Marie pour l&rsquo;AIPE et Claudine pour l&rsquo;ARBR ont cette année été moteur du nettoyage de quartier annuel. La mobilisation d&rsquo;une quinzaine d&rsquo;adultes et enfants du quartier à tout de même permis de ramasser :&nbsp;&#46;&#46;&#46;</p>

<!-- This site is optimized with the Yoast SEO plugin v24.1 - https://yoast.com/wordpress/plugins/seo/ -->
<title>2026 Nettoyage - ARBR</title>
<meta name="robots" content="index, follow, max-snippet:-1, max-image-preview:large, max-video-preview:-1" />
<link rel="canonical" href="https://arbr.fr/wordpress/206-nettoyage/" />
<meta property="og:locale" content="fr_FR" />
<meta property="og:type" content="article" />
<meta property="og:title" content="2026 Nettoyage - ARBR" />
<meta property="og:description" content="Marie pour l&rsquo;AIPE et Claudine pour l&rsquo;ARBR ont cette année été moteur du nettoyage de quartier annuel. La mobilisation d&rsquo;une quinzaine d&rsquo;adultes et enfants du quartier à tout de même permis de ramasser :&nbsp;&#046;&#046;&#046;" />
<meta property="og:url" content="https://arbr.fr/wordpress/206-nettoyage/" />
<meta property="og:site_name" content="ARBR" />
<meta property="article:modified_time" content="2026-04-27T13:51:08+00:00" />
<meta property="og:image" content="https://arbr.fr/wordpress/wp-content/uploads/2026/03/2026-02-20-Affiche-Nettoyage-BR.jpg" />
	<meta property="og:image:width" content="1050" />
	<meta property="og:image:height" content="1485" />
	<meta property="og:image:type" content="image/jpeg" />
<meta name="twitter:card" content="summary_large_image" />
<meta name="twitter:label1" content="Durée de lecture estimée" />
	<meta name="twitter:data1" content="1 minute" />
<script type="application/ld+json" class="yoast-schema-graph">{"@context":"https://schema.org","@graph":[{"@type":"WebPage","@id":"https://arbr.fr/wordpress/206-nettoyage/","url":"https://arbr.fr/wordpress/206-nettoyage/","name":"2026 Nettoyage - ARBR","isPartOf":{"@id":"https://arbr.fr/wordpress/#website"},"primaryImageOfPage":{"@id":"https://arbr.fr/wordpress/206-nettoyage/#primaryimage"},"image":{"@id":"https://arbr.fr/wordpress/206-nettoyage/#primaryimage"},"thumbnailUrl":"https://arbr.fr/wordpress/wp-content/uploads/2026/03/2026-02-20-Affiche-Nettoyage-BR-724x1024.jpg","datePublished":"2026-04-27T13:38:00+00:00","dateModified":"2026-04-27T13:51:08+00:00","breadcrumb":{"@id":"https://arbr.fr/wordpress/206-nettoyage/#breadcrumb"},"inLanguage":"fr-FR","potentialAction":[{"@type":"ReadAction","target":["https://arbr.fr/wordpress/206-nettoyage/"]}]},{"@type":"ImageObject","inLanguage":"fr-FR","@id":"https://arbr.fr/wordpress/206-nettoyage/#primaryimage","url":"https://arbr.fr/wordpress/wp-content/uploads/2026/03/2026-02-20-Affiche-Nettoyage-BR.jpg","contentUrl":"https://arbr.fr/wordpress/wp-content/uploads/2026/03/2026-02-20-Affiche-Nettoyage-BR.jpg","width":1050,"height":1485},{"@type":"BreadcrumbList","@id":"https://arbr.fr/wordpress/206-nettoyage/#breadcrumb","itemListElement":[{"@type":"ListItem","position":1,"name":"Accueil","item":"https://arbr.fr/wordpress/"},{"@type":"ListItem","position":2,"name":"2026 Nettoyage"}]},{"@type":"WebSite","@id":"https://arbr.fr/wordpress/#website","url":"https://arbr.fr/wordpress/","name":"ARBR","description":"Association des résidents du Bois Raguenet","publisher":{"@id":"https://arbr.fr/wordpress/#organization"},"potentialAction":[{"@type":"SearchAction","target":{"@type":"EntryPoint","urlTemplate":"https://arbr.fr/wordpress/?s={search_term_string}"},"query-input":{"@type":"PropertyValueSpecification","valueRequired":true,"valueName":"search_term_string"}}],"inLanguage":"fr-FR"},{"@type":"Organization","@id":"https://arbr.fr/wordpress/#organization","name":"ARBR","url":"https://arbr.fr/wordpress/","logo":{"@type":"ImageObject","inLanguage":"fr-FR","@id":"https://arbr.fr/wordpress/#/schema/logo/image/","url":"https://arbr.fr/wordpress/wp-content/uploads/2017/03/0.png","contentUrl":"https://arbr.fr/wordpress/wp-content/uploads/2017/03/0.png","width":650,"height":283,"caption":"ARBR"},"image":{"@id":"https://arbr.fr/wordpress/#/schema/logo/image/"}}]}</script>
<!-- / Yoast SEO plugin. -->

Marie pour l&rsquo;AIPE et Claudine pour l&rsquo;ARBR ont cette année été moteur du nettoyage de quartier annuel. La mobilisation d&rsquo;une quinzaine d&rsquo;adultes et enfants du quartier à tout de même permis de ramasser :&nbsp;&#46;&#46;&#46;

Association des résidents du Bois Raguenet
