{"id":8047,"date":"2025-08-29T14:28:19","date_gmt":"2025-08-29T12:28:19","guid":{"rendered":"https:\/\/arbr.fr\/wordpress\/?page_id=8047"},"modified":"2025-08-29T14:28:19","modified_gmt":"2025-08-29T12:28:19","slug":"2025-2026-fresques","status":"publish","type":"page","link":"https:\/\/arbr.fr\/wordpress\/2025-2026-fresques\/","title":{"rendered":"2025-2026 Fresques"},"content":{"rendered":"\n<p>Cette ann\u00e9e encore, nous vous proposons divers ateliers pour mieux comprendre les enjeux \u00e9cologiques actuels. A votre demande, nous avons \u00e9galement \u00e9largi \u00e0 des probl\u00e9matiques plus soci\u00e9tales.<\/p>\n<p>Tous ces ateliers auront lieu le samedi matin, \u00e0 la Salle St Ren\u00e9 au Bois Raguenet.<img loading=\"lazy\" decoding=\"async\" class=\"alignnone size-full wp-image-7947\" src=\"https:\/\/arbr.fr\/wordpress\/wp-content\/uploads\/2025\/03\/2025-07-10-liste-Fresques-.jpg\" alt=\"\" width=\"618\" height=\"892\" srcset=\"https:\/\/arbr.fr\/wordpress\/wp-content\/uploads\/2025\/03\/2025-07-10-liste-Fresques-.jpg 618w, https:\/\/arbr.fr\/wordpress\/wp-content\/uploads\/2025\/03\/2025-07-10-liste-Fresques--208x300.jpg 208w\" sizes=\"(max-width: 618px) 100vw, 618px\" \/><\/p>\n<p><strong>Voici le programme :<\/strong><\/p>\n<ul data-editing-info=\"{&quot;applyListStyleFromLevel&quot;:false,&quot;unorderedStyleType&quot;:1}\">\n<li>Le 27 septembre, de 10h \u00e0 12h : Puzzle Climat<\/li>\n<\/ul>\n<p>\u2002\u2002\u2002\u2002Un jeu tr\u00e8s ludique pour diviser par deux votre empreinte carbone en 5 ans, sans revenir \u00e0 la lampe \u00e0 huile !<\/p>\n<ul data-editing-info=\"{&quot;applyListStyleFromLevel&quot;:false,&quot;unorderedStyleType&quot;:1}\">\n<li>Le 22 novembre, de 9h30 \u00e0 12h30 : Fresque du sexisme<\/li>\n<\/ul>\n<p>\u2002\u2002\u2002\u2002Un atelier d&rsquo;intelligence collective pour d\u00e9tricoter la m\u00e9canique sexiste et se projeter dans une soci\u00e9t\u00e9 \u00e9galitaire<\/p>\n<ul data-editing-info=\"{&quot;applyListStyleFromLevel&quot;:false,&quot;unorderedStyleType&quot;:1}\">\n<li>Le 17 janvier, de 9h30 \u00e0 12h30 : Fresque du num\u00e9rique<\/li>\n<\/ul>\n<p>\u2002\u2002\u2002\u2002Pour comprendre en \u00e9quipe et de mani\u00e8re ludique les enjeux environnementaux du num\u00e9rique<\/p>\n<ul data-editing-info=\"{&quot;applyListStyleFromLevel&quot;:false,&quot;unorderedStyleType&quot;:1}\">\n<li>Le 7 mars, de 9h30 \u00e0 12h30 : Fresque du Facteur Humain<\/li>\n<\/ul>\n<p>\u2002\u2002\u2002\u2002Un atelier pour comprendre les facteurs humains (\u00e9motions, biais cognitifs, m\u00e9moire, appartenance sociale\u2026) qui expliquent pourquoi il est si compliqu\u00e9 de changer.<\/p>\n<ul data-editing-info=\"{&quot;applyListStyleFromLevel&quot;:false,&quot;unorderedStyleType&quot;:1}\">\n<li>En mai : Fresque de l&rsquo;eau<\/li>\n<\/ul>\n<p>\u2002\u2002\u2002\u2002Apprenez-en plus sur le cycle de l&rsquo;eau et les impacts de l&rsquo;homme sur ce cycle, lors d\u2019un atelier ludique et collaboratif<\/p>\n<p><strong>Inscrivez-vous !<\/strong><\/p>\n<p>Les inscriptions sont dors et d\u00e9j\u00e0 ouvertes pour le premier atelier, le Puzzle Climat. Il suffit juste de r\u00e9pondre \u00e0 cet email.<\/p>\n<p>N&rsquo;h\u00e9sitez pas \u00e0 rameuter vos amis, \u00e9poux\/\u00e9pouses, enfants, parents, voisins\/voisines&#8230;&nbsp;<\/p>\n<p>Je reste bien s\u00fbr \u00e0 votre disposition si vous avez besoin d&rsquo;informations compl\u00e9mentaires.<\/p>\n<p>Anne-Sophie<\/p>\n<p>06 67 26 89 54<\/p>\n<p>&nbsp;<\/p>\n","protected":false},"excerpt":{"rendered":"<p>Cette ann\u00e9e encore, nous vous proposons divers ateliers pour mieux comprendre les enjeux \u00e9cologiques actuels. A votre demande, nous avons \u00e9galement \u00e9largi \u00e0 des probl\u00e9matiques plus soci\u00e9tales. Tous ces ateliers auront lieu le samedi&#46;&#46;&#46;<\/p>\n","protected":false},"author":4,"featured_media":0,"parent":0,"menu_order":0,"comment_status":"closed","ping_status":"closed","template":"","meta":{"ngg_post_thumbnail":0,"footnotes":""},"class_list":["post-8047","page","type-page","status-publish","hentry"],"yoast_head":"<!-- This site is optimized with the Yoast SEO plugin v24.1 - https:\/\/yoast.com\/wordpress\/plugins\/seo\/ -->\n<title>2025-2026 Fresques - ARBR<\/title>\n<meta name=\"robots\" content=\"index, follow, max-snippet:-1, max-image-preview:large, max-video-preview:-1\" \/>\n<link rel=\"canonical\" href=\"https:\/\/arbr.fr\/wordpress\/2025-2026-fresques\/\" \/>\n<meta property=\"og:locale\" content=\"fr_FR\" \/>\n<meta property=\"og:type\" content=\"article\" \/>\n<meta property=\"og:title\" content=\"2025-2026 Fresques - ARBR\" \/>\n<meta property=\"og:description\" content=\"Cette ann\u00e9e encore, nous vous proposons divers ateliers pour mieux comprendre les enjeux \u00e9cologiques actuels. A votre demande, nous avons \u00e9galement \u00e9largi \u00e0 des probl\u00e9matiques plus soci\u00e9tales. Tous ces ateliers auront lieu le samedi&#046;&#046;&#046;\" \/>\n<meta property=\"og:url\" content=\"https:\/\/arbr.fr\/wordpress\/2025-2026-fresques\/\" \/>\n<meta property=\"og:site_name\" content=\"ARBR\" \/>\n<meta property=\"og:image\" content=\"https:\/\/arbr.fr\/wordpress\/wp-content\/uploads\/2025\/03\/2025-07-10-liste-Fresques-.jpg\" \/>\n\t<meta property=\"og:image:width\" content=\"618\" \/>\n\t<meta property=\"og:image:height\" content=\"892\" \/>\n\t<meta property=\"og:image:type\" content=\"image\/jpeg\" \/>\n<meta name=\"twitter:card\" content=\"summary_large_image\" \/>\n<meta name=\"twitter:label1\" content=\"Dur\u00e9e de lecture estim\u00e9e\" \/>\n\t<meta name=\"twitter:data1\" content=\"1 minute\" \/>\n<script type=\"application\/ld+json\" class=\"yoast-schema-graph\">{\"@context\":\"https:\/\/schema.org\",\"@graph\":[{\"@type\":\"WebPage\",\"@id\":\"https:\/\/arbr.fr\/wordpress\/2025-2026-fresques\/\",\"url\":\"https:\/\/arbr.fr\/wordpress\/2025-2026-fresques\/\",\"name\":\"2025-2026 Fresques - ARBR\",\"isPartOf\":{\"@id\":\"https:\/\/arbr.fr\/wordpress\/#website\"},\"primaryImageOfPage\":{\"@id\":\"https:\/\/arbr.fr\/wordpress\/2025-2026-fresques\/#primaryimage\"},\"image\":{\"@id\":\"https:\/\/arbr.fr\/wordpress\/2025-2026-fresques\/#primaryimage\"},\"thumbnailUrl\":\"https:\/\/arbr.fr\/wordpress\/wp-content\/uploads\/2025\/03\/2025-07-10-liste-Fresques-.jpg\",\"datePublished\":\"2025-08-29T12:28:19+00:00\",\"dateModified\":\"2025-08-29T12:28:19+00:00\",\"breadcrumb\":{\"@id\":\"https:\/\/arbr.fr\/wordpress\/2025-2026-fresques\/#breadcrumb\"},\"inLanguage\":\"fr-FR\",\"potentialAction\":[{\"@type\":\"ReadAction\",\"target\":[\"https:\/\/arbr.fr\/wordpress\/2025-2026-fresques\/\"]}]},{\"@type\":\"ImageObject\",\"inLanguage\":\"fr-FR\",\"@id\":\"https:\/\/arbr.fr\/wordpress\/2025-2026-fresques\/#primaryimage\",\"url\":\"https:\/\/arbr.fr\/wordpress\/wp-content\/uploads\/2025\/03\/2025-07-10-liste-Fresques-.jpg\",\"contentUrl\":\"https:\/\/arbr.fr\/wordpress\/wp-content\/uploads\/2025\/03\/2025-07-10-liste-Fresques-.jpg\",\"width\":618,\"height\":892},{\"@type\":\"BreadcrumbList\",\"@id\":\"https:\/\/arbr.fr\/wordpress\/2025-2026-fresques\/#breadcrumb\",\"itemListElement\":[{\"@type\":\"ListItem\",\"position\":1,\"name\":\"Accueil\",\"item\":\"https:\/\/arbr.fr\/wordpress\/\"},{\"@type\":\"ListItem\",\"position\":2,\"name\":\"2025-2026 Fresques\"}]},{\"@type\":\"WebSite\",\"@id\":\"https:\/\/arbr.fr\/wordpress\/#website\",\"url\":\"https:\/\/arbr.fr\/wordpress\/\",\"name\":\"ARBR\",\"description\":\"Association des r\u00e9sidents du Bois Raguenet\",\"publisher\":{\"@id\":\"https:\/\/arbr.fr\/wordpress\/#organization\"},\"potentialAction\":[{\"@type\":\"SearchAction\",\"target\":{\"@type\":\"EntryPoint\",\"urlTemplate\":\"https:\/\/arbr.fr\/wordpress\/?s={search_term_string}\"},\"query-input\":{\"@type\":\"PropertyValueSpecification\",\"valueRequired\":true,\"valueName\":\"search_term_string\"}}],\"inLanguage\":\"fr-FR\"},{\"@type\":\"Organization\",\"@id\":\"https:\/\/arbr.fr\/wordpress\/#organization\",\"name\":\"ARBR\",\"url\":\"https:\/\/arbr.fr\/wordpress\/\",\"logo\":{\"@type\":\"ImageObject\",\"inLanguage\":\"fr-FR\",\"@id\":\"https:\/\/arbr.fr\/wordpress\/#\/schema\/logo\/image\/\",\"url\":\"https:\/\/arbr.fr\/wordpress\/wp-content\/uploads\/2017\/03\/0.png\",\"contentUrl\":\"https:\/\/arbr.fr\/wordpress\/wp-content\/uploads\/2017\/03\/0.png\",\"width\":650,\"height\":283,\"caption\":\"ARBR\"},\"image\":{\"@id\":\"https:\/\/arbr.fr\/wordpress\/#\/schema\/logo\/image\/\"}}]}<\/script>\n<!-- \/ Yoast SEO plugin. -->","yoast_head_json":{"title":"2025-2026 Fresques - ARBR","robots":{"index":"index","follow":"follow","max-snippet":"max-snippet:-1","max-image-preview":"max-image-preview:large","max-video-preview":"max-video-preview:-1"},"canonical":"https:\/\/arbr.fr\/wordpress\/2025-2026-fresques\/","og_locale":"fr_FR","og_type":"article","og_title":"2025-2026 Fresques - ARBR","og_description":"Cette ann\u00e9e encore, nous vous proposons divers ateliers pour mieux comprendre les enjeux \u00e9cologiques actuels. A votre demande, nous avons \u00e9galement \u00e9largi \u00e0 des probl\u00e9matiques plus soci\u00e9tales. Tous ces ateliers auront lieu le samedi&#46;&#46;&#46;","og_url":"https:\/\/arbr.fr\/wordpress\/2025-2026-fresques\/","og_site_name":"ARBR","og_image":[{"width":618,"height":892,"url":"https:\/\/arbr.fr\/wordpress\/wp-content\/uploads\/2025\/03\/2025-07-10-liste-Fresques-.jpg","type":"image\/jpeg"}],"twitter_card":"summary_large_image","twitter_misc":{"Dur\u00e9e de lecture estim\u00e9e":"1 minute"},"schema":{"@context":"https:\/\/schema.org","@graph":[{"@type":"WebPage","@id":"https:\/\/arbr.fr\/wordpress\/2025-2026-fresques\/","url":"https:\/\/arbr.fr\/wordpress\/2025-2026-fresques\/","name":"2025-2026 Fresques - ARBR","isPartOf":{"@id":"https:\/\/arbr.fr\/wordpress\/#website"},"primaryImageOfPage":{"@id":"https:\/\/arbr.fr\/wordpress\/2025-2026-fresques\/#primaryimage"},"image":{"@id":"https:\/\/arbr.fr\/wordpress\/2025-2026-fresques\/#primaryimage"},"thumbnailUrl":"https:\/\/arbr.fr\/wordpress\/wp-content\/uploads\/2025\/03\/2025-07-10-liste-Fresques-.jpg","datePublished":"2025-08-29T12:28:19+00:00","dateModified":"2025-08-29T12:28:19+00:00","breadcrumb":{"@id":"https:\/\/arbr.fr\/wordpress\/2025-2026-fresques\/#breadcrumb"},"inLanguage":"fr-FR","potentialAction":[{"@type":"ReadAction","target":["https:\/\/arbr.fr\/wordpress\/2025-2026-fresques\/"]}]},{"@type":"ImageObject","inLanguage":"fr-FR","@id":"https:\/\/arbr.fr\/wordpress\/2025-2026-fresques\/#primaryimage","url":"https:\/\/arbr.fr\/wordpress\/wp-content\/uploads\/2025\/03\/2025-07-10-liste-Fresques-.jpg","contentUrl":"https:\/\/arbr.fr\/wordpress\/wp-content\/uploads\/2025\/03\/2025-07-10-liste-Fresques-.jpg","width":618,"height":892},{"@type":"BreadcrumbList","@id":"https:\/\/arbr.fr\/wordpress\/2025-2026-fresques\/#breadcrumb","itemListElement":[{"@type":"ListItem","position":1,"name":"Accueil","item":"https:\/\/arbr.fr\/wordpress\/"},{"@type":"ListItem","position":2,"name":"2025-2026 Fresques"}]},{"@type":"WebSite","@id":"https:\/\/arbr.fr\/wordpress\/#website","url":"https:\/\/arbr.fr\/wordpress\/","name":"ARBR","description":"Association des r\u00e9sidents du Bois Raguenet","publisher":{"@id":"https:\/\/arbr.fr\/wordpress\/#organization"},"potentialAction":[{"@type":"SearchAction","target":{"@type":"EntryPoint","urlTemplate":"https:\/\/arbr.fr\/wordpress\/?s={search_term_string}"},"query-input":{"@type":"PropertyValueSpecification","valueRequired":true,"valueName":"search_term_string"}}],"inLanguage":"fr-FR"},{"@type":"Organization","@id":"https:\/\/arbr.fr\/wordpress\/#organization","name":"ARBR","url":"https:\/\/arbr.fr\/wordpress\/","logo":{"@type":"ImageObject","inLanguage":"fr-FR","@id":"https:\/\/arbr.fr\/wordpress\/#\/schema\/logo\/image\/","url":"https:\/\/arbr.fr\/wordpress\/wp-content\/uploads\/2017\/03\/0.png","contentUrl":"https:\/\/arbr.fr\/wordpress\/wp-content\/uploads\/2017\/03\/0.png","width":650,"height":283,"caption":"ARBR"},"image":{"@id":"https:\/\/arbr.fr\/wordpress\/#\/schema\/logo\/image\/"}}]}},"_links":{"self":[{"href":"https:\/\/arbr.fr\/wordpress\/wp-json\/wp\/v2\/pages\/8047"}],"collection":[{"href":"https:\/\/arbr.fr\/wordpress\/wp-json\/wp\/v2\/pages"}],"about":[{"href":"https:\/\/arbr.fr\/wordpress\/wp-json\/wp\/v2\/types\/page"}],"author":[{"embeddable":true,"href":"https:\/\/arbr.fr\/wordpress\/wp-json\/wp\/v2\/users\/4"}],"replies":[{"embeddable":true,"href":"https:\/\/arbr.fr\/wordpress\/wp-json\/wp\/v2\/comments?post=8047"}],"version-history":[{"count":1,"href":"https:\/\/arbr.fr\/wordpress\/wp-json\/wp\/v2\/pages\/8047\/revisions"}],"predecessor-version":[{"id":8049,"href":"https:\/\/arbr.fr\/wordpress\/wp-json\/wp\/v2\/pages\/8047\/revisions\/8049"}],"wp:attachment":[{"href":"https:\/\/arbr.fr\/wordpress\/wp-json\/wp\/v2\/media?parent=8047"}],"curies":[{"name":"wp","href":"https:\/\/api.w.org\/{rel}","templated":true}]}}