{"id":7961,"date":"2025-07-11T15:15:40","date_gmt":"2025-07-11T13:15:40","guid":{"rendered":"https:\/\/arbr.fr\/wordpress\/?page_id=7961"},"modified":"2025-10-03T18:11:57","modified_gmt":"2025-10-03T16:11:57","slug":"jeux-de-societe","status":"publish","type":"page","link":"https:\/\/arbr.fr\/wordpress\/jeux-de-societe\/","title":{"rendered":"Jeux de soci\u00e9t\u00e9"},"content":{"rendered":"\r\n<p><strong>Contacts<\/strong>&nbsp; : <strong>MOLINARO<\/strong> Claudine : 06 50 31 84 64 :&nbsp; <span style=\"color: #0000ff;\">claudine.molinaro@gmail.com<\/span><\/p>\r\n<p>Jeux de soci\u00e9t\u00e9 pour tous les \u00e2ges, tous les niveaux : Le <strong>lundi<\/strong> (hors vacances scolaires) de <strong>14h15 \u00e0 16h15<\/strong>, salle Noisetier, RdC Ferme Poisson, accessible PMR.&nbsp;<\/p>\r\n<p><strong>PLANNING 2025-2026 : <\/strong>Les lundis 29 septembre, 06 octobre, 10 novembre, 01 d\u00e9cembre 2025<\/p>\r\n<p>et les lundis 26 janvier, 02 f\u00e9vrier, 16 mars, 30 mars, 04 mai et 08 juin 2026.<\/p>\r\n<p><em>Ces dates sont susceptibles de changer suivant certaines contraintes. <\/em><\/p>\r\n<p><img loading=\"lazy\" decoding=\"async\" class=\"alignnone  wp-image-7962\" src=\"https:\/\/arbr.fr\/wordpress\/wp-content\/uploads\/2025\/07\/2025-06-25-image-jeux.jpg\" alt=\"\" width=\"380\" height=\"369\" srcset=\"https:\/\/arbr.fr\/wordpress\/wp-content\/uploads\/2025\/07\/2025-06-25-image-jeux.jpg 516w, https:\/\/arbr.fr\/wordpress\/wp-content\/uploads\/2025\/07\/2025-06-25-image-jeux-300x291.jpg 300w\" sizes=\"(max-width: 380px) 100vw, 380px\" \/><\/p>\r\n<p>&nbsp;<\/p>\r\n<h3><span style=\"color: #0000ff;\">Jeux \u00e0 disposition<\/span> : <strong>Scrabble, Trivial, Dixit, Dames, etc&#8230;<\/strong><\/h3>\r\n<h3>Vous pouvez aussi apporter vos jeux pour partager un moment de convivialit\u00e9.<\/h3>\r\n<p><strong>N.B.<\/strong> \u2013&nbsp;<em>Pour participer \u00e0 l\u2019activit\u00e9 : <strong>\u00eatre adh\u00e9rent<\/strong> \u00e0 l\u2019association et <strong>s\u2019inscrire<\/strong> aupr\u00e8s de l\u2019intervenante ou de la permanence.<\/em><\/p>\r\n<p>Nombre de place limit\u00e9.<\/p>\r\n","protected":false},"excerpt":{"rendered":"<p>Contacts&nbsp; : MOLINARO Claudine : 06 50 31 84 64 :&nbsp; claudine.molinaro@gmail.com Jeux de soci\u00e9t\u00e9 pour tous les \u00e2ges, tous les niveaux : Le lundi (hors vacances scolaires) de 14h15 \u00e0 16h15, salle Noisetier,&#46;&#46;&#46;<\/p>\n","protected":false},"author":4,"featured_media":0,"parent":0,"menu_order":0,"comment_status":"closed","ping_status":"closed","template":"","meta":{"ngg_post_thumbnail":0,"footnotes":""},"class_list":["post-7961","page","type-page","status-publish","hentry"],"yoast_head":"<!-- This site is optimized with the Yoast SEO plugin v24.1 - https:\/\/yoast.com\/wordpress\/plugins\/seo\/ -->\n<title>Jeux de soci\u00e9t\u00e9 - ARBR<\/title>\n<meta name=\"robots\" content=\"index, follow, max-snippet:-1, max-image-preview:large, max-video-preview:-1\" \/>\n<link rel=\"canonical\" href=\"https:\/\/arbr.fr\/wordpress\/jeux-de-societe\/\" \/>\n<meta property=\"og:locale\" content=\"fr_FR\" \/>\n<meta property=\"og:type\" content=\"article\" \/>\n<meta property=\"og:title\" content=\"Jeux de soci\u00e9t\u00e9 - ARBR\" \/>\n<meta property=\"og:description\" content=\"Contacts&nbsp; : MOLINARO Claudine : 06 50 31 84 64 :&nbsp; claudine.molinaro@gmail.com Jeux de soci\u00e9t\u00e9 pour tous les \u00e2ges, tous les niveaux : Le lundi (hors vacances scolaires) de 14h15 \u00e0 16h15, salle Noisetier,&#046;&#046;&#046;\" \/>\n<meta property=\"og:url\" content=\"https:\/\/arbr.fr\/wordpress\/jeux-de-societe\/\" \/>\n<meta property=\"og:site_name\" content=\"ARBR\" \/>\n<meta property=\"article:modified_time\" content=\"2025-10-03T16:11:57+00:00\" \/>\n<meta property=\"og:image\" content=\"https:\/\/arbr.fr\/wordpress\/wp-content\/uploads\/2025\/07\/2025-06-25-image-jeux.jpg\" \/>\n\t<meta property=\"og:image:width\" content=\"516\" \/>\n\t<meta property=\"og:image:height\" content=\"501\" \/>\n\t<meta property=\"og:image:type\" content=\"image\/jpeg\" \/>\n<meta name=\"twitter:card\" content=\"summary_large_image\" \/>\n<meta name=\"twitter:label1\" content=\"Dur\u00e9e de lecture estim\u00e9e\" \/>\n\t<meta name=\"twitter:data1\" content=\"1 minute\" \/>\n<script type=\"application\/ld+json\" class=\"yoast-schema-graph\">{\"@context\":\"https:\/\/schema.org\",\"@graph\":[{\"@type\":\"WebPage\",\"@id\":\"https:\/\/arbr.fr\/wordpress\/jeux-de-societe\/\",\"url\":\"https:\/\/arbr.fr\/wordpress\/jeux-de-societe\/\",\"name\":\"Jeux de soci\u00e9t\u00e9 - ARBR\",\"isPartOf\":{\"@id\":\"https:\/\/arbr.fr\/wordpress\/#website\"},\"primaryImageOfPage\":{\"@id\":\"https:\/\/arbr.fr\/wordpress\/jeux-de-societe\/#primaryimage\"},\"image\":{\"@id\":\"https:\/\/arbr.fr\/wordpress\/jeux-de-societe\/#primaryimage\"},\"thumbnailUrl\":\"https:\/\/arbr.fr\/wordpress\/wp-content\/uploads\/2025\/07\/2025-06-25-image-jeux.jpg\",\"datePublished\":\"2025-07-11T13:15:40+00:00\",\"dateModified\":\"2025-10-03T16:11:57+00:00\",\"breadcrumb\":{\"@id\":\"https:\/\/arbr.fr\/wordpress\/jeux-de-societe\/#breadcrumb\"},\"inLanguage\":\"fr-FR\",\"potentialAction\":[{\"@type\":\"ReadAction\",\"target\":[\"https:\/\/arbr.fr\/wordpress\/jeux-de-societe\/\"]}]},{\"@type\":\"ImageObject\",\"inLanguage\":\"fr-FR\",\"@id\":\"https:\/\/arbr.fr\/wordpress\/jeux-de-societe\/#primaryimage\",\"url\":\"https:\/\/arbr.fr\/wordpress\/wp-content\/uploads\/2025\/07\/2025-06-25-image-jeux.jpg\",\"contentUrl\":\"https:\/\/arbr.fr\/wordpress\/wp-content\/uploads\/2025\/07\/2025-06-25-image-jeux.jpg\",\"width\":516,\"height\":501,\"caption\":\"JEUX DE SOCI\u00c9T\u00c9\"},{\"@type\":\"BreadcrumbList\",\"@id\":\"https:\/\/arbr.fr\/wordpress\/jeux-de-societe\/#breadcrumb\",\"itemListElement\":[{\"@type\":\"ListItem\",\"position\":1,\"name\":\"Accueil\",\"item\":\"https:\/\/arbr.fr\/wordpress\/\"},{\"@type\":\"ListItem\",\"position\":2,\"name\":\"Jeux de soci\u00e9t\u00e9\"}]},{\"@type\":\"WebSite\",\"@id\":\"https:\/\/arbr.fr\/wordpress\/#website\",\"url\":\"https:\/\/arbr.fr\/wordpress\/\",\"name\":\"ARBR\",\"description\":\"Association des r\u00e9sidents du Bois Raguenet\",\"publisher\":{\"@id\":\"https:\/\/arbr.fr\/wordpress\/#organization\"},\"potentialAction\":[{\"@type\":\"SearchAction\",\"target\":{\"@type\":\"EntryPoint\",\"urlTemplate\":\"https:\/\/arbr.fr\/wordpress\/?s={search_term_string}\"},\"query-input\":{\"@type\":\"PropertyValueSpecification\",\"valueRequired\":true,\"valueName\":\"search_term_string\"}}],\"inLanguage\":\"fr-FR\"},{\"@type\":\"Organization\",\"@id\":\"https:\/\/arbr.fr\/wordpress\/#organization\",\"name\":\"ARBR\",\"url\":\"https:\/\/arbr.fr\/wordpress\/\",\"logo\":{\"@type\":\"ImageObject\",\"inLanguage\":\"fr-FR\",\"@id\":\"https:\/\/arbr.fr\/wordpress\/#\/schema\/logo\/image\/\",\"url\":\"https:\/\/arbr.fr\/wordpress\/wp-content\/uploads\/2017\/03\/0.png\",\"contentUrl\":\"https:\/\/arbr.fr\/wordpress\/wp-content\/uploads\/2017\/03\/0.png\",\"width\":650,\"height\":283,\"caption\":\"ARBR\"},\"image\":{\"@id\":\"https:\/\/arbr.fr\/wordpress\/#\/schema\/logo\/image\/\"}}]}<\/script>\n<!-- \/ Yoast SEO plugin. -->","yoast_head_json":{"title":"Jeux de soci\u00e9t\u00e9 - ARBR","robots":{"index":"index","follow":"follow","max-snippet":"max-snippet:-1","max-image-preview":"max-image-preview:large","max-video-preview":"max-video-preview:-1"},"canonical":"https:\/\/arbr.fr\/wordpress\/jeux-de-societe\/","og_locale":"fr_FR","og_type":"article","og_title":"Jeux de soci\u00e9t\u00e9 - ARBR","og_description":"Contacts&nbsp; : MOLINARO Claudine : 06 50 31 84 64 :&nbsp; claudine.molinaro@gmail.com Jeux de soci\u00e9t\u00e9 pour tous les \u00e2ges, tous les niveaux : Le lundi (hors vacances scolaires) de 14h15 \u00e0 16h15, salle Noisetier,&#46;&#46;&#46;","og_url":"https:\/\/arbr.fr\/wordpress\/jeux-de-societe\/","og_site_name":"ARBR","article_modified_time":"2025-10-03T16:11:57+00:00","og_image":[{"width":516,"height":501,"url":"https:\/\/arbr.fr\/wordpress\/wp-content\/uploads\/2025\/07\/2025-06-25-image-jeux.jpg","type":"image\/jpeg"}],"twitter_card":"summary_large_image","twitter_misc":{"Dur\u00e9e de lecture estim\u00e9e":"1 minute"},"schema":{"@context":"https:\/\/schema.org","@graph":[{"@type":"WebPage","@id":"https:\/\/arbr.fr\/wordpress\/jeux-de-societe\/","url":"https:\/\/arbr.fr\/wordpress\/jeux-de-societe\/","name":"Jeux de soci\u00e9t\u00e9 - ARBR","isPartOf":{"@id":"https:\/\/arbr.fr\/wordpress\/#website"},"primaryImageOfPage":{"@id":"https:\/\/arbr.fr\/wordpress\/jeux-de-societe\/#primaryimage"},"image":{"@id":"https:\/\/arbr.fr\/wordpress\/jeux-de-societe\/#primaryimage"},"thumbnailUrl":"https:\/\/arbr.fr\/wordpress\/wp-content\/uploads\/2025\/07\/2025-06-25-image-jeux.jpg","datePublished":"2025-07-11T13:15:40+00:00","dateModified":"2025-10-03T16:11:57+00:00","breadcrumb":{"@id":"https:\/\/arbr.fr\/wordpress\/jeux-de-societe\/#breadcrumb"},"inLanguage":"fr-FR","potentialAction":[{"@type":"ReadAction","target":["https:\/\/arbr.fr\/wordpress\/jeux-de-societe\/"]}]},{"@type":"ImageObject","inLanguage":"fr-FR","@id":"https:\/\/arbr.fr\/wordpress\/jeux-de-societe\/#primaryimage","url":"https:\/\/arbr.fr\/wordpress\/wp-content\/uploads\/2025\/07\/2025-06-25-image-jeux.jpg","contentUrl":"https:\/\/arbr.fr\/wordpress\/wp-content\/uploads\/2025\/07\/2025-06-25-image-jeux.jpg","width":516,"height":501,"caption":"JEUX DE SOCI\u00c9T\u00c9"},{"@type":"BreadcrumbList","@id":"https:\/\/arbr.fr\/wordpress\/jeux-de-societe\/#breadcrumb","itemListElement":[{"@type":"ListItem","position":1,"name":"Accueil","item":"https:\/\/arbr.fr\/wordpress\/"},{"@type":"ListItem","position":2,"name":"Jeux de soci\u00e9t\u00e9"}]},{"@type":"WebSite","@id":"https:\/\/arbr.fr\/wordpress\/#website","url":"https:\/\/arbr.fr\/wordpress\/","name":"ARBR","description":"Association des r\u00e9sidents du Bois Raguenet","publisher":{"@id":"https:\/\/arbr.fr\/wordpress\/#organization"},"potentialAction":[{"@type":"SearchAction","target":{"@type":"EntryPoint","urlTemplate":"https:\/\/arbr.fr\/wordpress\/?s={search_term_string}"},"query-input":{"@type":"PropertyValueSpecification","valueRequired":true,"valueName":"search_term_string"}}],"inLanguage":"fr-FR"},{"@type":"Organization","@id":"https:\/\/arbr.fr\/wordpress\/#organization","name":"ARBR","url":"https:\/\/arbr.fr\/wordpress\/","logo":{"@type":"ImageObject","inLanguage":"fr-FR","@id":"https:\/\/arbr.fr\/wordpress\/#\/schema\/logo\/image\/","url":"https:\/\/arbr.fr\/wordpress\/wp-content\/uploads\/2017\/03\/0.png","contentUrl":"https:\/\/arbr.fr\/wordpress\/wp-content\/uploads\/2017\/03\/0.png","width":650,"height":283,"caption":"ARBR"},"image":{"@id":"https:\/\/arbr.fr\/wordpress\/#\/schema\/logo\/image\/"}}]}},"_links":{"self":[{"href":"https:\/\/arbr.fr\/wordpress\/wp-json\/wp\/v2\/pages\/7961"}],"collection":[{"href":"https:\/\/arbr.fr\/wordpress\/wp-json\/wp\/v2\/pages"}],"about":[{"href":"https:\/\/arbr.fr\/wordpress\/wp-json\/wp\/v2\/types\/page"}],"author":[{"embeddable":true,"href":"https:\/\/arbr.fr\/wordpress\/wp-json\/wp\/v2\/users\/4"}],"replies":[{"embeddable":true,"href":"https:\/\/arbr.fr\/wordpress\/wp-json\/wp\/v2\/comments?post=7961"}],"version-history":[{"count":10,"href":"https:\/\/arbr.fr\/wordpress\/wp-json\/wp\/v2\/pages\/7961\/revisions"}],"predecessor-version":[{"id":8124,"href":"https:\/\/arbr.fr\/wordpress\/wp-json\/wp\/v2\/pages\/7961\/revisions\/8124"}],"wp:attachment":[{"href":"https:\/\/arbr.fr\/wordpress\/wp-json\/wp\/v2\/media?parent=7961"}],"curies":[{"name":"wp","href":"https:\/\/api.w.org\/{rel}","templated":true}]}}