{"id":5937,"date":"2024-03-21T16:25:11","date_gmt":"2024-03-21T15:25:11","guid":{"rendered":"https:\/\/arbr.fr\/wordpress\/?page_id=5937"},"modified":"2025-04-01T17:57:46","modified_gmt":"2025-04-01T15:57:46","slug":"fetes-et-evenements","status":"publish","type":"page","link":"https:\/\/arbr.fr\/wordpress\/fetes-et-evenements\/","title":{"rendered":"F\u00eates et \u00c9v\u00e8nements"},"content":{"rendered":"<p>&nbsp;<\/p>\n\n\n<p><img loading=\"lazy\" decoding=\"async\" class=\"alignnone  wp-image-6918\" src=\"https:\/\/arbr.fr\/wordpress\/wp-content\/uploads\/2023\/11\/2024-10-04-Affiche-automne-724x1024.jpg\" alt=\"\" width=\"370\" height=\"524\" srcset=\"https:\/\/arbr.fr\/wordpress\/wp-content\/uploads\/2023\/11\/2024-10-04-Affiche-automne-724x1024.jpg 724w, https:\/\/arbr.fr\/wordpress\/wp-content\/uploads\/2023\/11\/2024-10-04-Affiche-automne-212x300.jpg 212w, https:\/\/arbr.fr\/wordpress\/wp-content\/uploads\/2023\/11\/2024-10-04-Affiche-automne-768x1086.jpg 768w, https:\/\/arbr.fr\/wordpress\/wp-content\/uploads\/2023\/11\/2024-10-04-Affiche-automne.jpg 1050w\" sizes=\"(max-width: 370px) 100vw, 370px\" \/> &nbsp;&nbsp; <img loading=\"lazy\" decoding=\"async\" class=\"alignnone  wp-image-7448\" src=\"https:\/\/arbr.fr\/wordpress\/wp-content\/uploads\/2025\/03\/Affiche-journal-1024x724.jpg\" alt=\"\" width=\"447\" height=\"316\" srcset=\"https:\/\/arbr.fr\/wordpress\/wp-content\/uploads\/2025\/03\/Affiche-journal-1024x724.jpg 1024w, https:\/\/arbr.fr\/wordpress\/wp-content\/uploads\/2025\/03\/Affiche-journal-300x212.jpg 300w, https:\/\/arbr.fr\/wordpress\/wp-content\/uploads\/2025\/03\/Affiche-journal-768x543.jpg 768w, https:\/\/arbr.fr\/wordpress\/wp-content\/uploads\/2025\/03\/Affiche-journal-1536x1086.jpg 1536w, https:\/\/arbr.fr\/wordpress\/wp-content\/uploads\/2025\/03\/Affiche-journal-2048x1448.jpg 2048w\" sizes=\"(max-width: 447px) 100vw, 447px\" \/> &nbsp;&nbsp;&nbsp;<\/p>\n<div id=\"attachment_6728\" style=\"width: 796px\" class=\"wp-caption alignnone\"><a href=\"https:\/\/arbr.fr\/wordpress\/fete-de-la-saint-jean-arbr\/\"><img loading=\"lazy\" decoding=\"async\" aria-describedby=\"caption-attachment-6728\" class=\"wp-image-6728 \" src=\"https:\/\/arbr.fr\/wordpress\/wp-content\/uploads\/2024\/07\/a5ba2e1c-ea4f-4a97-bd04-ccd32a6426ec-e1721132731976-1024x646.jpg\" alt=\"SAINT JEAN\" width=\"786\" height=\"496\" srcset=\"https:\/\/arbr.fr\/wordpress\/wp-content\/uploads\/2024\/07\/a5ba2e1c-ea4f-4a97-bd04-ccd32a6426ec-e1721132731976-1024x646.jpg 1024w, https:\/\/arbr.fr\/wordpress\/wp-content\/uploads\/2024\/07\/a5ba2e1c-ea4f-4a97-bd04-ccd32a6426ec-e1721132731976-300x189.jpg 300w, https:\/\/arbr.fr\/wordpress\/wp-content\/uploads\/2024\/07\/a5ba2e1c-ea4f-4a97-bd04-ccd32a6426ec-e1721132731976-768x485.jpg 768w, https:\/\/arbr.fr\/wordpress\/wp-content\/uploads\/2024\/07\/a5ba2e1c-ea4f-4a97-bd04-ccd32a6426ec-e1721132731976.jpg 1280w\" sizes=\"(max-width: 786px) 100vw, 786px\" \/><\/a><p id=\"caption-attachment-6728\" class=\"wp-caption-text\">SAINT JEAN<\/p><\/div>\n\n\n\n<div class=\"wp-block-columns is-layout-flex wp-container-core-columns-is-layout-1 wp-block-columns-is-layout-flex\">\n<div class=\"wp-block-column is-layout-flow wp-block-column-is-layout-flow\">\n<figure class=\"wp-block-image size-large\"><img loading=\"lazy\" decoding=\"async\" width=\"724\" height=\"1024\" src=\"https:\/\/arbr.fr\/wordpress\/wp-content\/uploads\/2024\/11\/Fresque-Nouveaux-Recits-ARBR-17-mai-724x1024.png\" alt=\"\" class=\"wp-image-7501\" srcset=\"https:\/\/arbr.fr\/wordpress\/wp-content\/uploads\/2024\/11\/Fresque-Nouveaux-Recits-ARBR-17-mai-724x1024.png 724w, https:\/\/arbr.fr\/wordpress\/wp-content\/uploads\/2024\/11\/Fresque-Nouveaux-Recits-ARBR-17-mai-212x300.png 212w, https:\/\/arbr.fr\/wordpress\/wp-content\/uploads\/2024\/11\/Fresque-Nouveaux-Recits-ARBR-17-mai-768x1086.png 768w, https:\/\/arbr.fr\/wordpress\/wp-content\/uploads\/2024\/11\/Fresque-Nouveaux-Recits-ARBR-17-mai-1086x1536.png 1086w, https:\/\/arbr.fr\/wordpress\/wp-content\/uploads\/2024\/11\/Fresque-Nouveaux-Recits-ARBR-17-mai.png 1414w\" sizes=\"(max-width: 724px) 100vw, 724px\" \/><\/figure>\n<\/div>\n\n\n\n<div class=\"wp-block-column is-layout-flow wp-block-column-is-layout-flow\">\n<figure class=\"wp-block-image size-full\"><img loading=\"lazy\" decoding=\"async\" width=\"599\" height=\"850\" src=\"https:\/\/arbr.fr\/wordpress\/wp-content\/uploads\/2025\/03\/2025-03-27-affiche-mairie-modifs-BR-1.jpg\" alt=\"\" class=\"wp-image-7626\" srcset=\"https:\/\/arbr.fr\/wordpress\/wp-content\/uploads\/2025\/03\/2025-03-27-affiche-mairie-modifs-BR-1.jpg 599w, https:\/\/arbr.fr\/wordpress\/wp-content\/uploads\/2025\/03\/2025-03-27-affiche-mairie-modifs-BR-1-211x300.jpg 211w\" sizes=\"(max-width: 599px) 100vw, 599px\" \/><\/figure>\n<\/div>\n\n\n\n<div class=\"wp-block-column is-layout-flow wp-block-column-is-layout-flow\">\n<figure class=\"wp-block-image size-large\"><img loading=\"lazy\" decoding=\"async\" width=\"724\" height=\"1024\" src=\"https:\/\/arbr.fr\/wordpress\/wp-content\/uploads\/2025\/02\/Affiche-expo-peinture-2-724x1024.jpg\" alt=\"\" class=\"wp-image-7430\" srcset=\"https:\/\/arbr.fr\/wordpress\/wp-content\/uploads\/2025\/02\/Affiche-expo-peinture-2-724x1024.jpg 724w, https:\/\/arbr.fr\/wordpress\/wp-content\/uploads\/2025\/02\/Affiche-expo-peinture-2-212x300.jpg 212w, https:\/\/arbr.fr\/wordpress\/wp-content\/uploads\/2025\/02\/Affiche-expo-peinture-2-768x1086.jpg 768w, https:\/\/arbr.fr\/wordpress\/wp-content\/uploads\/2025\/02\/Affiche-expo-peinture-2-1086x1536.jpg 1086w, https:\/\/arbr.fr\/wordpress\/wp-content\/uploads\/2025\/02\/Affiche-expo-peinture-2-1448x2048.jpg 1448w, https:\/\/arbr.fr\/wordpress\/wp-content\/uploads\/2025\/02\/Affiche-expo-peinture-2.jpg 1485w\" sizes=\"(max-width: 724px) 100vw, 724px\" \/><\/figure>\n<\/div>\n<\/div>\n\n\n\n<figure class=\"wp-block-gallery has-nested-images columns-default is-cropped wp-block-gallery-1 is-layout-flex wp-block-gallery-is-layout-flex\">\n<figure class=\"wp-block-image size-large\"><img loading=\"lazy\" decoding=\"async\" width=\"724\" height=\"1024\" data-id=\"7324\" src=\"https:\/\/arbr.fr\/wordpress\/wp-content\/uploads\/2021\/10\/2025-04-05-Affiche-Nettoyage-de-quartier-724x1024.jpg\" alt=\"\" class=\"wp-image-7324\" srcset=\"https:\/\/arbr.fr\/wordpress\/wp-content\/uploads\/2021\/10\/2025-04-05-Affiche-Nettoyage-de-quartier-724x1024.jpg 724w, https:\/\/arbr.fr\/wordpress\/wp-content\/uploads\/2021\/10\/2025-04-05-Affiche-Nettoyage-de-quartier-212x300.jpg 212w, https:\/\/arbr.fr\/wordpress\/wp-content\/uploads\/2021\/10\/2025-04-05-Affiche-Nettoyage-de-quartier-768x1086.jpg 768w, https:\/\/arbr.fr\/wordpress\/wp-content\/uploads\/2021\/10\/2025-04-05-Affiche-Nettoyage-de-quartier.jpg 1050w\" sizes=\"(max-width: 724px) 100vw, 724px\" \/><\/figure>\n\n\n\n<figure class=\"wp-block-image size-large\"><img loading=\"lazy\" decoding=\"async\" width=\"724\" height=\"1024\" data-id=\"7309\" src=\"https:\/\/arbr.fr\/wordpress\/wp-content\/uploads\/2025\/02\/2025-02-affiche-portes-ouvertes-encadcarto-3-724x1024.jpg\" alt=\"\" class=\"wp-image-7309\" srcset=\"https:\/\/arbr.fr\/wordpress\/wp-content\/uploads\/2025\/02\/2025-02-affiche-portes-ouvertes-encadcarto-3-724x1024.jpg 724w, https:\/\/arbr.fr\/wordpress\/wp-content\/uploads\/2025\/02\/2025-02-affiche-portes-ouvertes-encadcarto-3-212x300.jpg 212w, https:\/\/arbr.fr\/wordpress\/wp-content\/uploads\/2025\/02\/2025-02-affiche-portes-ouvertes-encadcarto-3-768x1086.jpg 768w, https:\/\/arbr.fr\/wordpress\/wp-content\/uploads\/2025\/02\/2025-02-affiche-portes-ouvertes-encadcarto-3.jpg 1050w\" sizes=\"(max-width: 724px) 100vw, 724px\" \/><\/figure>\n\n\n\n<figure class=\"wp-block-image size-large\"><img loading=\"lazy\" decoding=\"async\" width=\"724\" height=\"1024\" data-id=\"7233\" src=\"https:\/\/arbr.fr\/wordpress\/wp-content\/uploads\/2025\/01\/2025-02-27-Affiche-724x1024.jpg\" alt=\"\" class=\"wp-image-7233\" srcset=\"https:\/\/arbr.fr\/wordpress\/wp-content\/uploads\/2025\/01\/2025-02-27-Affiche-724x1024.jpg 724w, https:\/\/arbr.fr\/wordpress\/wp-content\/uploads\/2025\/01\/2025-02-27-Affiche-212x300.jpg 212w, https:\/\/arbr.fr\/wordpress\/wp-content\/uploads\/2025\/01\/2025-02-27-Affiche-768x1086.jpg 768w, https:\/\/arbr.fr\/wordpress\/wp-content\/uploads\/2025\/01\/2025-02-27-Affiche.jpg 1050w\" sizes=\"(max-width: 724px) 100vw, 724px\" \/><\/figure>\n\n\n\n<figure class=\"wp-block-image size-large\"><img loading=\"lazy\" decoding=\"async\" width=\"606\" height=\"860\" data-id=\"7194\" src=\"https:\/\/arbr.fr\/wordpress\/wp-content\/uploads\/2024\/12\/Affiche-2.jpg\" alt=\"\" class=\"wp-image-7194\" srcset=\"https:\/\/arbr.fr\/wordpress\/wp-content\/uploads\/2024\/12\/Affiche-2.jpg 606w, https:\/\/arbr.fr\/wordpress\/wp-content\/uploads\/2024\/12\/Affiche-2-211x300.jpg 211w\" sizes=\"(max-width: 606px) 100vw, 606px\" \/><\/figure>\n\n\n\n<figure class=\"wp-block-image size-large\"><img loading=\"lazy\" decoding=\"async\" width=\"724\" height=\"1024\" data-id=\"7123\" src=\"https:\/\/arbr.fr\/wordpress\/wp-content\/uploads\/2024\/11\/Fresque-Biodiversite-affiche-724x1024.png\" alt=\"\" class=\"wp-image-7123\" srcset=\"https:\/\/arbr.fr\/wordpress\/wp-content\/uploads\/2024\/11\/Fresque-Biodiversite-affiche-724x1024.png 724w, https:\/\/arbr.fr\/wordpress\/wp-content\/uploads\/2024\/11\/Fresque-Biodiversite-affiche-212x300.png 212w, https:\/\/arbr.fr\/wordpress\/wp-content\/uploads\/2024\/11\/Fresque-Biodiversite-affiche-768x1086.png 768w, https:\/\/arbr.fr\/wordpress\/wp-content\/uploads\/2024\/11\/Fresque-Biodiversite-affiche-1086x1536.png 1086w, https:\/\/arbr.fr\/wordpress\/wp-content\/uploads\/2024\/11\/Fresque-Biodiversite-affiche.png 1414w\" sizes=\"(max-width: 724px) 100vw, 724px\" \/><\/figure>\n\n\n\n<figure class=\"wp-block-image size-large\"><img loading=\"lazy\" decoding=\"async\" width=\"724\" height=\"1024\" data-id=\"6924\" src=\"https:\/\/arbr.fr\/wordpress\/wp-content\/uploads\/2024\/07\/Afiche-atelier-2tonnes-ARBR-724x1024.jpg\" alt=\"\" class=\"wp-image-6924\" srcset=\"https:\/\/arbr.fr\/wordpress\/wp-content\/uploads\/2024\/07\/Afiche-atelier-2tonnes-ARBR-724x1024.jpg 724w, https:\/\/arbr.fr\/wordpress\/wp-content\/uploads\/2024\/07\/Afiche-atelier-2tonnes-ARBR-212x300.jpg 212w, https:\/\/arbr.fr\/wordpress\/wp-content\/uploads\/2024\/07\/Afiche-atelier-2tonnes-ARBR-768x1086.jpg 768w, https:\/\/arbr.fr\/wordpress\/wp-content\/uploads\/2024\/07\/Afiche-atelier-2tonnes-ARBR-1086x1536.jpg 1086w, https:\/\/arbr.fr\/wordpress\/wp-content\/uploads\/2024\/07\/Afiche-atelier-2tonnes-ARBR.jpg 1414w\" sizes=\"(max-width: 724px) 100vw, 724px\" \/><\/figure>\n<\/figure>\n\n\n\n<p><\/p>\n<figure class=\"wp-block-image size-large\"><img loading=\"lazy\" decoding=\"async\" class=\"alignnone  wp-image-7097\" src=\"https:\/\/arbr.fr\/wordpress\/wp-content\/uploads\/2023\/11\/2024-Bonne-fete-zouz-arbr-1024x725.jpg\" alt=\"\" width=\"379\" height=\"268\" srcset=\"https:\/\/arbr.fr\/wordpress\/wp-content\/uploads\/2023\/11\/2024-Bonne-fete-zouz-arbr-1024x725.jpg 1024w, https:\/\/arbr.fr\/wordpress\/wp-content\/uploads\/2023\/11\/2024-Bonne-fete-zouz-arbr-300x212.jpg 300w, https:\/\/arbr.fr\/wordpress\/wp-content\/uploads\/2023\/11\/2024-Bonne-fete-zouz-arbr-768x543.jpg 768w, https:\/\/arbr.fr\/wordpress\/wp-content\/uploads\/2023\/11\/2024-Bonne-fete-zouz-arbr-1536x1087.jpg 1536w, https:\/\/arbr.fr\/wordpress\/wp-content\/uploads\/2023\/11\/2024-Bonne-fete-zouz-arbr.jpg 1587w\" sizes=\"(max-width: 379px) 100vw, 379px\" \/>&nbsp; <img loading=\"lazy\" decoding=\"async\" class=\"alignnone  wp-image-7261\" src=\"https:\/\/arbr.fr\/wordpress\/wp-content\/uploads\/2025\/01\/20241203_175107-1024x768.jpg\" alt=\"\" width=\"397\" height=\"298\" srcset=\"https:\/\/arbr.fr\/wordpress\/wp-content\/uploads\/2025\/01\/20241203_175107-1024x768.jpg 1024w, https:\/\/arbr.fr\/wordpress\/wp-content\/uploads\/2025\/01\/20241203_175107-300x225.jpg 300w, https:\/\/arbr.fr\/wordpress\/wp-content\/uploads\/2025\/01\/20241203_175107-768x576.jpg 768w, https:\/\/arbr.fr\/wordpress\/wp-content\/uploads\/2025\/01\/20241203_175107-1536x1152.jpg 1536w, https:\/\/arbr.fr\/wordpress\/wp-content\/uploads\/2025\/01\/20241203_175107-2048x1536.jpg 2048w\" sizes=\"(max-width: 397px) 100vw, 397px\" \/> <\/figure>\n<p><img loading=\"lazy\" decoding=\"async\" class=\"alignnone  wp-image-6897\" src=\"https:\/\/arbr.fr\/wordpress\/wp-content\/uploads\/2024\/10\/2024-10-01-affiche-patchwork-la-Gob-724x1024.jpg\" alt=\"\" width=\"293\" height=\"415\" srcset=\"https:\/\/arbr.fr\/wordpress\/wp-content\/uploads\/2024\/10\/2024-10-01-affiche-patchwork-la-Gob-724x1024.jpg 724w, https:\/\/arbr.fr\/wordpress\/wp-content\/uploads\/2024\/10\/2024-10-01-affiche-patchwork-la-Gob-212x300.jpg 212w, https:\/\/arbr.fr\/wordpress\/wp-content\/uploads\/2024\/10\/2024-10-01-affiche-patchwork-la-Gob-768x1086.jpg 768w, https:\/\/arbr.fr\/wordpress\/wp-content\/uploads\/2024\/10\/2024-10-01-affiche-patchwork-la-Gob.jpg 1050w\" sizes=\"(max-width: 293px) 100vw, 293px\" \/> &nbsp; &nbsp; &nbsp; <img loading=\"lazy\" decoding=\"async\" class=\"alignnone  wp-image-6779\" src=\"https:\/\/arbr.fr\/wordpress\/wp-content\/uploads\/2024\/08\/Montage-1-danse-1024x724.jpg\" alt=\"\" width=\"558\" height=\"395\" srcset=\"https:\/\/arbr.fr\/wordpress\/wp-content\/uploads\/2024\/08\/Montage-1-danse-1024x724.jpg 1024w, https:\/\/arbr.fr\/wordpress\/wp-content\/uploads\/2024\/08\/Montage-1-danse-300x212.jpg 300w, https:\/\/arbr.fr\/wordpress\/wp-content\/uploads\/2024\/08\/Montage-1-danse-768x543.jpg 768w, https:\/\/arbr.fr\/wordpress\/wp-content\/uploads\/2024\/08\/Montage-1-danse.jpg 1485w\" sizes=\"(max-width: 558px) 100vw, 558px\" \/> <\/p>\n<p><\/p>\n\n\n","protected":false},"excerpt":{"rendered":"<p>&nbsp; &nbsp;&nbsp; &nbsp;&nbsp;&nbsp;<\/p>\n","protected":false},"author":4,"featured_media":0,"parent":0,"menu_order":0,"comment_status":"closed","ping_status":"closed","template":"","meta":{"ngg_post_thumbnail":0,"footnotes":""},"class_list":["post-5937","page","type-page","status-publish","hentry"],"yoast_head":"<!-- This site is optimized with the Yoast SEO plugin v24.1 - https:\/\/yoast.com\/wordpress\/plugins\/seo\/ -->\n<title>F\u00eates et \u00c9v\u00e8nements - ARBR<\/title>\n<meta name=\"robots\" content=\"index, follow, max-snippet:-1, max-image-preview:large, max-video-preview:-1\" \/>\n<link rel=\"canonical\" href=\"https:\/\/arbr.fr\/wordpress\/fetes-et-evenements\/\" \/>\n<meta property=\"og:locale\" content=\"fr_FR\" \/>\n<meta property=\"og:type\" content=\"article\" \/>\n<meta property=\"og:title\" content=\"F\u00eates et \u00c9v\u00e8nements - ARBR\" \/>\n<meta property=\"og:description\" content=\"&nbsp; &nbsp;&nbsp; &nbsp;&nbsp;&nbsp;\" \/>\n<meta property=\"og:url\" content=\"https:\/\/arbr.fr\/wordpress\/fetes-et-evenements\/\" \/>\n<meta property=\"og:site_name\" content=\"ARBR\" \/>\n<meta property=\"article:modified_time\" content=\"2025-04-01T15:57:46+00:00\" \/>\n<meta property=\"og:image\" content=\"https:\/\/arbr.fr\/wordpress\/wp-content\/uploads\/2023\/11\/2024-10-04-Affiche-automne.jpg\" \/>\n\t<meta property=\"og:image:width\" content=\"1050\" \/>\n\t<meta property=\"og:image:height\" content=\"1485\" \/>\n\t<meta property=\"og:image:type\" content=\"image\/jpeg\" \/>\n<meta name=\"twitter:card\" content=\"summary_large_image\" \/>\n<meta name=\"twitter:label1\" content=\"Dur\u00e9e de lecture estim\u00e9e\" \/>\n\t<meta name=\"twitter:data1\" content=\"5 minutes\" \/>\n<script type=\"application\/ld+json\" class=\"yoast-schema-graph\">{\"@context\":\"https:\/\/schema.org\",\"@graph\":[{\"@type\":\"WebPage\",\"@id\":\"https:\/\/arbr.fr\/wordpress\/fetes-et-evenements\/\",\"url\":\"https:\/\/arbr.fr\/wordpress\/fetes-et-evenements\/\",\"name\":\"F\u00eates et \u00c9v\u00e8nements - ARBR\",\"isPartOf\":{\"@id\":\"https:\/\/arbr.fr\/wordpress\/#website\"},\"primaryImageOfPage\":{\"@id\":\"https:\/\/arbr.fr\/wordpress\/fetes-et-evenements\/#primaryimage\"},\"image\":{\"@id\":\"https:\/\/arbr.fr\/wordpress\/fetes-et-evenements\/#primaryimage\"},\"thumbnailUrl\":\"https:\/\/arbr.fr\/wordpress\/wp-content\/uploads\/2023\/11\/2024-10-04-Affiche-automne-724x1024.jpg\",\"datePublished\":\"2024-03-21T15:25:11+00:00\",\"dateModified\":\"2025-04-01T15:57:46+00:00\",\"breadcrumb\":{\"@id\":\"https:\/\/arbr.fr\/wordpress\/fetes-et-evenements\/#breadcrumb\"},\"inLanguage\":\"fr-FR\",\"potentialAction\":[{\"@type\":\"ReadAction\",\"target\":[\"https:\/\/arbr.fr\/wordpress\/fetes-et-evenements\/\"]}]},{\"@type\":\"ImageObject\",\"inLanguage\":\"fr-FR\",\"@id\":\"https:\/\/arbr.fr\/wordpress\/fetes-et-evenements\/#primaryimage\",\"url\":\"https:\/\/arbr.fr\/wordpress\/wp-content\/uploads\/2023\/11\/2024-10-04-Affiche-automne.jpg\",\"contentUrl\":\"https:\/\/arbr.fr\/wordpress\/wp-content\/uploads\/2023\/11\/2024-10-04-Affiche-automne.jpg\",\"width\":1050,\"height\":1485},{\"@type\":\"BreadcrumbList\",\"@id\":\"https:\/\/arbr.fr\/wordpress\/fetes-et-evenements\/#breadcrumb\",\"itemListElement\":[{\"@type\":\"ListItem\",\"position\":1,\"name\":\"Accueil\",\"item\":\"https:\/\/arbr.fr\/wordpress\/\"},{\"@type\":\"ListItem\",\"position\":2,\"name\":\"F\u00eates et \u00c9v\u00e8nements\"}]},{\"@type\":\"WebSite\",\"@id\":\"https:\/\/arbr.fr\/wordpress\/#website\",\"url\":\"https:\/\/arbr.fr\/wordpress\/\",\"name\":\"ARBR\",\"description\":\"Association des r\u00e9sidents du Bois Raguenet\",\"publisher\":{\"@id\":\"https:\/\/arbr.fr\/wordpress\/#organization\"},\"potentialAction\":[{\"@type\":\"SearchAction\",\"target\":{\"@type\":\"EntryPoint\",\"urlTemplate\":\"https:\/\/arbr.fr\/wordpress\/?s={search_term_string}\"},\"query-input\":{\"@type\":\"PropertyValueSpecification\",\"valueRequired\":true,\"valueName\":\"search_term_string\"}}],\"inLanguage\":\"fr-FR\"},{\"@type\":\"Organization\",\"@id\":\"https:\/\/arbr.fr\/wordpress\/#organization\",\"name\":\"ARBR\",\"url\":\"https:\/\/arbr.fr\/wordpress\/\",\"logo\":{\"@type\":\"ImageObject\",\"inLanguage\":\"fr-FR\",\"@id\":\"https:\/\/arbr.fr\/wordpress\/#\/schema\/logo\/image\/\",\"url\":\"https:\/\/arbr.fr\/wordpress\/wp-content\/uploads\/2017\/03\/0.png\",\"contentUrl\":\"https:\/\/arbr.fr\/wordpress\/wp-content\/uploads\/2017\/03\/0.png\",\"width\":650,\"height\":283,\"caption\":\"ARBR\"},\"image\":{\"@id\":\"https:\/\/arbr.fr\/wordpress\/#\/schema\/logo\/image\/\"}}]}<\/script>\n<!-- \/ Yoast SEO plugin. -->","yoast_head_json":{"title":"F\u00eates et \u00c9v\u00e8nements - ARBR","robots":{"index":"index","follow":"follow","max-snippet":"max-snippet:-1","max-image-preview":"max-image-preview:large","max-video-preview":"max-video-preview:-1"},"canonical":"https:\/\/arbr.fr\/wordpress\/fetes-et-evenements\/","og_locale":"fr_FR","og_type":"article","og_title":"F\u00eates et \u00c9v\u00e8nements - ARBR","og_description":"&nbsp; &nbsp;&nbsp; &nbsp;&nbsp;&nbsp;","og_url":"https:\/\/arbr.fr\/wordpress\/fetes-et-evenements\/","og_site_name":"ARBR","article_modified_time":"2025-04-01T15:57:46+00:00","og_image":[{"width":1050,"height":1485,"url":"https:\/\/arbr.fr\/wordpress\/wp-content\/uploads\/2023\/11\/2024-10-04-Affiche-automne.jpg","type":"image\/jpeg"}],"twitter_card":"summary_large_image","twitter_misc":{"Dur\u00e9e de lecture estim\u00e9e":"5 minutes"},"schema":{"@context":"https:\/\/schema.org","@graph":[{"@type":"WebPage","@id":"https:\/\/arbr.fr\/wordpress\/fetes-et-evenements\/","url":"https:\/\/arbr.fr\/wordpress\/fetes-et-evenements\/","name":"F\u00eates et \u00c9v\u00e8nements - ARBR","isPartOf":{"@id":"https:\/\/arbr.fr\/wordpress\/#website"},"primaryImageOfPage":{"@id":"https:\/\/arbr.fr\/wordpress\/fetes-et-evenements\/#primaryimage"},"image":{"@id":"https:\/\/arbr.fr\/wordpress\/fetes-et-evenements\/#primaryimage"},"thumbnailUrl":"https:\/\/arbr.fr\/wordpress\/wp-content\/uploads\/2023\/11\/2024-10-04-Affiche-automne-724x1024.jpg","datePublished":"2024-03-21T15:25:11+00:00","dateModified":"2025-04-01T15:57:46+00:00","breadcrumb":{"@id":"https:\/\/arbr.fr\/wordpress\/fetes-et-evenements\/#breadcrumb"},"inLanguage":"fr-FR","potentialAction":[{"@type":"ReadAction","target":["https:\/\/arbr.fr\/wordpress\/fetes-et-evenements\/"]}]},{"@type":"ImageObject","inLanguage":"fr-FR","@id":"https:\/\/arbr.fr\/wordpress\/fetes-et-evenements\/#primaryimage","url":"https:\/\/arbr.fr\/wordpress\/wp-content\/uploads\/2023\/11\/2024-10-04-Affiche-automne.jpg","contentUrl":"https:\/\/arbr.fr\/wordpress\/wp-content\/uploads\/2023\/11\/2024-10-04-Affiche-automne.jpg","width":1050,"height":1485},{"@type":"BreadcrumbList","@id":"https:\/\/arbr.fr\/wordpress\/fetes-et-evenements\/#breadcrumb","itemListElement":[{"@type":"ListItem","position":1,"name":"Accueil","item":"https:\/\/arbr.fr\/wordpress\/"},{"@type":"ListItem","position":2,"name":"F\u00eates et \u00c9v\u00e8nements"}]},{"@type":"WebSite","@id":"https:\/\/arbr.fr\/wordpress\/#website","url":"https:\/\/arbr.fr\/wordpress\/","name":"ARBR","description":"Association des r\u00e9sidents du Bois Raguenet","publisher":{"@id":"https:\/\/arbr.fr\/wordpress\/#organization"},"potentialAction":[{"@type":"SearchAction","target":{"@type":"EntryPoint","urlTemplate":"https:\/\/arbr.fr\/wordpress\/?s={search_term_string}"},"query-input":{"@type":"PropertyValueSpecification","valueRequired":true,"valueName":"search_term_string"}}],"inLanguage":"fr-FR"},{"@type":"Organization","@id":"https:\/\/arbr.fr\/wordpress\/#organization","name":"ARBR","url":"https:\/\/arbr.fr\/wordpress\/","logo":{"@type":"ImageObject","inLanguage":"fr-FR","@id":"https:\/\/arbr.fr\/wordpress\/#\/schema\/logo\/image\/","url":"https:\/\/arbr.fr\/wordpress\/wp-content\/uploads\/2017\/03\/0.png","contentUrl":"https:\/\/arbr.fr\/wordpress\/wp-content\/uploads\/2017\/03\/0.png","width":650,"height":283,"caption":"ARBR"},"image":{"@id":"https:\/\/arbr.fr\/wordpress\/#\/schema\/logo\/image\/"}}]}},"_links":{"self":[{"href":"https:\/\/arbr.fr\/wordpress\/wp-json\/wp\/v2\/pages\/5937"}],"collection":[{"href":"https:\/\/arbr.fr\/wordpress\/wp-json\/wp\/v2\/pages"}],"about":[{"href":"https:\/\/arbr.fr\/wordpress\/wp-json\/wp\/v2\/types\/page"}],"author":[{"embeddable":true,"href":"https:\/\/arbr.fr\/wordpress\/wp-json\/wp\/v2\/users\/4"}],"replies":[{"embeddable":true,"href":"https:\/\/arbr.fr\/wordpress\/wp-json\/wp\/v2\/comments?post=5937"}],"version-history":[{"count":23,"href":"https:\/\/arbr.fr\/wordpress\/wp-json\/wp\/v2\/pages\/5937\/revisions"}],"predecessor-version":[{"id":7647,"href":"https:\/\/arbr.fr\/wordpress\/wp-json\/wp\/v2\/pages\/5937\/revisions\/7647"}],"wp:attachment":[{"href":"https:\/\/arbr.fr\/wordpress\/wp-json\/wp\/v2\/media?parent=5937"}],"curies":[{"name":"wp","href":"https:\/\/api.w.org\/{rel}","templated":true}]}}