{"id":330,"date":"2017-04-01T15:02:38","date_gmt":"2017-04-01T13:02:38","guid":{"rendered":"http:\/\/arbr.fr\/wordpress\/?page_id=330"},"modified":"2026-04-10T14:59:56","modified_gmt":"2026-04-10T12:59:56","slug":"journal","status":"publish","type":"page","link":"https:\/\/arbr.fr\/wordpress\/journal\/","title":{"rendered":"Journal"},"content":{"rendered":"<hr class=\"wp-block-separator has-alpha-channel-opacity\">\r\n\r\n\r\n<p><a href=\"https:\/\/arbr.fr\/wordpress\/wp-content\/uploads\/2024\/04\/Feuille-Avril-04-04-2024.pdf\">Feuille Avril 04-04-2024<\/a><\/p>\r\n\r\n\r\n\r\n<p>&nbsp;<\/p>\r\n\r\n\r\n\r\n<h3 class=\"wp-block-heading\"><strong>Retrouver l&rsquo;ensemble des num\u00e9ros<\/strong><\/h3>\r\n\r\n\r\n\r\n<p><iframe loading=\"lazy\" src=\"..\/..\/..\/journal\/index.php\" name=\"frame1\" width=\"100%\" height=\"420px\" frameborder=\"no\" scrolling=\"auto\" align=\"middle\"><br \/><\/iframe><\/p>\r\n\r\n\r\n\r\n<p>Les r\u00e9sultats de la <strong>grille de mots crois\u00e9s<\/strong> du journal de l&rsquo;ARBR N\u00b0295 : <a href=\"https:\/\/arbr.fr\/wordpress\/wp-content\/uploads\/2024\/05\/2024-05-15-Resultat-mots-croises.pdf\">2024-05-15 R\u00e9sultat mots crois\u00e9s<\/a><\/p>\r\n<p>Les r\u00e9sultats de la <strong>grille de mots crois\u00e9s<\/strong> du journal de l&rsquo;ARBR N\u00b0296 : <a href=\"https:\/\/arbr.fr\/wordpress\/wp-content\/uploads\/2024\/10\/grille-avec-solutions-mots-croises-2.pdf\">https:\/\/arbr.fr\/wordpress\/wp-content\/uploads\/2024\/10\/grille-avec-solutions-mots-croises-2.pdf<\/a><\/p>\r\n<p>Les r\u00e9sultats de la <strong>grille de mots crois\u00e9s<\/strong> du journal de l&rsquo;ARBR N\u00b0297 :<a href=\"https:\/\/arbr.fr\/wordpress\/wp-content\/uploads\/2025\/02\/2025-01-31-Resultats-mot-croise-297.pdf\">2025-01-31 R\u00e9sultats mot crois\u00e9 297<\/a><\/p>\r\n<p>Les r\u00e9sultats de la <strong>grille de mots crois\u00e9s<\/strong> du journal de l&rsquo;ARBR N\u00b0299 :<a href=\"https:\/\/arbr.fr\/wordpress\/wp-content\/uploads\/2025\/05\/JOURNAL-299-rep-mots-croises.pdf\">https:\/\/arbr.fr\/wordpress\/wp-content\/uploads\/2025\/05\/JOURNAL-299-rep-mots-croises.pdf<\/a><\/p>\r\n<p>Les r\u00e9sultats de la <strong>grille de mots crois\u00e9s<\/strong> du journal de l&rsquo;ARBR N\u00b0300 :<a href=\"https:\/\/arbr.fr\/wordpress\/wp-content\/uploads\/2025\/06\/Journal-300-resultats-mots-croises.pdf\">Journal 300 r\u00e9sultats mots crois\u00e9s<\/a><\/p>\r\n<p>Les r\u00e9sultats de la <strong>grille de mots crois\u00e9s<\/strong> du journal de l&rsquo;ARBR N\u00b0301 :<a href=\"https:\/\/arbr.fr\/wordpress\/wp-content\/uploads\/2025\/12\/Journal-301-resultats-mots-croises.pdf\">Journal 301 &#8211; r\u00e9sultats mots crois\u00e9s<\/a><\/p>\r\n<p>Les r\u00e9sultats de la <strong>grille de mots crois\u00e9s<\/strong> du journal de l&rsquo;ARBR N\u00b0302 : <a href=\"https:\/\/arbr.fr\/wordpress\/wp-content\/uploads\/2025\/12\/Journal-302-resultats-mots-croises.pdf\">Journal 302 &#8211; r\u00e9sultats mots crois\u00e9s<\/a><\/p>\r\n","protected":false},"excerpt":{"rendered":"<p>Feuille Avril 04-04-2024 &nbsp; Retrouver l&rsquo;ensemble des num\u00e9ros Les r\u00e9sultats de la grille de mots crois\u00e9s du journal de l&rsquo;ARBR N\u00b0295 : 2024-05-15 R\u00e9sultat mots crois\u00e9s Les r\u00e9sultats de la grille de mots crois\u00e9s&#46;&#46;&#46;<\/p>\n","protected":false},"author":1,"featured_media":0,"parent":0,"menu_order":0,"comment_status":"closed","ping_status":"closed","template":"","meta":{"ngg_post_thumbnail":0,"footnotes":""},"class_list":["post-330","page","type-page","status-publish","hentry"],"yoast_head":"<!-- This site is optimized with the Yoast SEO plugin v24.1 - https:\/\/yoast.com\/wordpress\/plugins\/seo\/ -->\n<title>Journal - ARBR<\/title>\n<meta name=\"robots\" content=\"index, follow, max-snippet:-1, max-image-preview:large, max-video-preview:-1\" \/>\n<link rel=\"canonical\" href=\"https:\/\/arbr.fr\/wordpress\/journal\/\" \/>\n<meta property=\"og:locale\" content=\"fr_FR\" \/>\n<meta property=\"og:type\" content=\"article\" \/>\n<meta property=\"og:title\" content=\"Journal - ARBR\" \/>\n<meta property=\"og:description\" content=\"Feuille Avril 04-04-2024 &nbsp; Retrouver l&rsquo;ensemble des num\u00e9ros Les r\u00e9sultats de la grille de mots crois\u00e9s du journal de l&rsquo;ARBR N\u00b0295 : 2024-05-15 R\u00e9sultat mots crois\u00e9s Les r\u00e9sultats de la grille de mots crois\u00e9s&#046;&#046;&#046;\" \/>\n<meta property=\"og:url\" content=\"https:\/\/arbr.fr\/wordpress\/journal\/\" \/>\n<meta property=\"og:site_name\" content=\"ARBR\" \/>\n<meta property=\"article:modified_time\" content=\"2026-04-10T12:59:56+00:00\" \/>\n<meta name=\"twitter:card\" content=\"summary_large_image\" \/>\n<meta name=\"twitter:label1\" content=\"Dur\u00e9e de lecture estim\u00e9e\" \/>\n\t<meta name=\"twitter:data1\" content=\"1 minute\" \/>\n<script type=\"application\/ld+json\" class=\"yoast-schema-graph\">{\"@context\":\"https:\/\/schema.org\",\"@graph\":[{\"@type\":\"WebPage\",\"@id\":\"https:\/\/arbr.fr\/wordpress\/journal\/\",\"url\":\"https:\/\/arbr.fr\/wordpress\/journal\/\",\"name\":\"Journal - ARBR\",\"isPartOf\":{\"@id\":\"https:\/\/arbr.fr\/wordpress\/#website\"},\"datePublished\":\"2017-04-01T13:02:38+00:00\",\"dateModified\":\"2026-04-10T12:59:56+00:00\",\"breadcrumb\":{\"@id\":\"https:\/\/arbr.fr\/wordpress\/journal\/#breadcrumb\"},\"inLanguage\":\"fr-FR\",\"potentialAction\":[{\"@type\":\"ReadAction\",\"target\":[\"https:\/\/arbr.fr\/wordpress\/journal\/\"]}]},{\"@type\":\"BreadcrumbList\",\"@id\":\"https:\/\/arbr.fr\/wordpress\/journal\/#breadcrumb\",\"itemListElement\":[{\"@type\":\"ListItem\",\"position\":1,\"name\":\"Accueil\",\"item\":\"https:\/\/arbr.fr\/wordpress\/\"},{\"@type\":\"ListItem\",\"position\":2,\"name\":\"Journal\"}]},{\"@type\":\"WebSite\",\"@id\":\"https:\/\/arbr.fr\/wordpress\/#website\",\"url\":\"https:\/\/arbr.fr\/wordpress\/\",\"name\":\"ARBR\",\"description\":\"Association des r\u00e9sidents du Bois Raguenet\",\"publisher\":{\"@id\":\"https:\/\/arbr.fr\/wordpress\/#organization\"},\"potentialAction\":[{\"@type\":\"SearchAction\",\"target\":{\"@type\":\"EntryPoint\",\"urlTemplate\":\"https:\/\/arbr.fr\/wordpress\/?s={search_term_string}\"},\"query-input\":{\"@type\":\"PropertyValueSpecification\",\"valueRequired\":true,\"valueName\":\"search_term_string\"}}],\"inLanguage\":\"fr-FR\"},{\"@type\":\"Organization\",\"@id\":\"https:\/\/arbr.fr\/wordpress\/#organization\",\"name\":\"ARBR\",\"url\":\"https:\/\/arbr.fr\/wordpress\/\",\"logo\":{\"@type\":\"ImageObject\",\"inLanguage\":\"fr-FR\",\"@id\":\"https:\/\/arbr.fr\/wordpress\/#\/schema\/logo\/image\/\",\"url\":\"https:\/\/arbr.fr\/wordpress\/wp-content\/uploads\/2017\/03\/0.png\",\"contentUrl\":\"https:\/\/arbr.fr\/wordpress\/wp-content\/uploads\/2017\/03\/0.png\",\"width\":650,\"height\":283,\"caption\":\"ARBR\"},\"image\":{\"@id\":\"https:\/\/arbr.fr\/wordpress\/#\/schema\/logo\/image\/\"}}]}<\/script>\n<!-- \/ Yoast SEO plugin. -->","yoast_head_json":{"title":"Journal - ARBR","robots":{"index":"index","follow":"follow","max-snippet":"max-snippet:-1","max-image-preview":"max-image-preview:large","max-video-preview":"max-video-preview:-1"},"canonical":"https:\/\/arbr.fr\/wordpress\/journal\/","og_locale":"fr_FR","og_type":"article","og_title":"Journal - ARBR","og_description":"Feuille Avril 04-04-2024 &nbsp; Retrouver l&rsquo;ensemble des num\u00e9ros Les r\u00e9sultats de la grille de mots crois\u00e9s du journal de l&rsquo;ARBR N\u00b0295 : 2024-05-15 R\u00e9sultat mots crois\u00e9s Les r\u00e9sultats de la grille de mots crois\u00e9s&#46;&#46;&#46;","og_url":"https:\/\/arbr.fr\/wordpress\/journal\/","og_site_name":"ARBR","article_modified_time":"2026-04-10T12:59:56+00:00","twitter_card":"summary_large_image","twitter_misc":{"Dur\u00e9e de lecture estim\u00e9e":"1 minute"},"schema":{"@context":"https:\/\/schema.org","@graph":[{"@type":"WebPage","@id":"https:\/\/arbr.fr\/wordpress\/journal\/","url":"https:\/\/arbr.fr\/wordpress\/journal\/","name":"Journal - ARBR","isPartOf":{"@id":"https:\/\/arbr.fr\/wordpress\/#website"},"datePublished":"2017-04-01T13:02:38+00:00","dateModified":"2026-04-10T12:59:56+00:00","breadcrumb":{"@id":"https:\/\/arbr.fr\/wordpress\/journal\/#breadcrumb"},"inLanguage":"fr-FR","potentialAction":[{"@type":"ReadAction","target":["https:\/\/arbr.fr\/wordpress\/journal\/"]}]},{"@type":"BreadcrumbList","@id":"https:\/\/arbr.fr\/wordpress\/journal\/#breadcrumb","itemListElement":[{"@type":"ListItem","position":1,"name":"Accueil","item":"https:\/\/arbr.fr\/wordpress\/"},{"@type":"ListItem","position":2,"name":"Journal"}]},{"@type":"WebSite","@id":"https:\/\/arbr.fr\/wordpress\/#website","url":"https:\/\/arbr.fr\/wordpress\/","name":"ARBR","description":"Association des r\u00e9sidents du Bois Raguenet","publisher":{"@id":"https:\/\/arbr.fr\/wordpress\/#organization"},"potentialAction":[{"@type":"SearchAction","target":{"@type":"EntryPoint","urlTemplate":"https:\/\/arbr.fr\/wordpress\/?s={search_term_string}"},"query-input":{"@type":"PropertyValueSpecification","valueRequired":true,"valueName":"search_term_string"}}],"inLanguage":"fr-FR"},{"@type":"Organization","@id":"https:\/\/arbr.fr\/wordpress\/#organization","name":"ARBR","url":"https:\/\/arbr.fr\/wordpress\/","logo":{"@type":"ImageObject","inLanguage":"fr-FR","@id":"https:\/\/arbr.fr\/wordpress\/#\/schema\/logo\/image\/","url":"https:\/\/arbr.fr\/wordpress\/wp-content\/uploads\/2017\/03\/0.png","contentUrl":"https:\/\/arbr.fr\/wordpress\/wp-content\/uploads\/2017\/03\/0.png","width":650,"height":283,"caption":"ARBR"},"image":{"@id":"https:\/\/arbr.fr\/wordpress\/#\/schema\/logo\/image\/"}}]}},"_links":{"self":[{"href":"https:\/\/arbr.fr\/wordpress\/wp-json\/wp\/v2\/pages\/330"}],"collection":[{"href":"https:\/\/arbr.fr\/wordpress\/wp-json\/wp\/v2\/pages"}],"about":[{"href":"https:\/\/arbr.fr\/wordpress\/wp-json\/wp\/v2\/types\/page"}],"author":[{"embeddable":true,"href":"https:\/\/arbr.fr\/wordpress\/wp-json\/wp\/v2\/users\/1"}],"replies":[{"embeddable":true,"href":"https:\/\/arbr.fr\/wordpress\/wp-json\/wp\/v2\/comments?post=330"}],"version-history":[{"count":45,"href":"https:\/\/arbr.fr\/wordpress\/wp-json\/wp\/v2\/pages\/330\/revisions"}],"predecessor-version":[{"id":8650,"href":"https:\/\/arbr.fr\/wordpress\/wp-json\/wp\/v2\/pages\/330\/revisions\/8650"}],"wp:attachment":[{"href":"https:\/\/arbr.fr\/wordpress\/wp-json\/wp\/v2\/media?parent=330"}],"curies":[{"name":"wp","href":"https:\/\/api.w.org\/{rel}","templated":true}]}}