{"id":277,"date":"2017-03-24T16:20:51","date_gmt":"2017-03-24T15:20:51","guid":{"rendered":"http:\/\/arbr.fr\/wordpress\/?page_id=277"},"modified":"2025-06-18T09:46:35","modified_gmt":"2025-06-18T07:46:35","slug":"coin-des-zaines","status":"publish","type":"page","link":"https:\/\/arbr.fr\/wordpress\/coin-des-zaines\/","title":{"rendered":"Tricot et Papotage"},"content":{"rendered":"<p><strong>Contact<\/strong>&nbsp; :&nbsp; Sylviane GIRARDET &#8211; 06 36 36 56 77 &#8211; <a href=\"mailto:sylviane.girardet@wanadoo.fr\">sylviane.girardet@wanadoo.fr<\/a><\/p>\n<p>Tricot et papotage pour tous les \u00e2ges : un mercredi matin par mois de 9h30 \u00e0 11h30, salle S\u00e9quoia, Ferme Poisson<\/p>\n<p><span style=\"color: #ff00ff; font-size: 14pt;\"><strong>PLANNING 2025-2026 : <\/strong><\/span>Les mercredis 08 octobre, 19 novembre, 10 d\u00e9cembre 2025<\/p>\n<p>et les mercredis 14 janvier, 04 f\u00e9vrier, 11 mars, 01 avril, <span style=\"color: #333333;\">06 <\/span>mai et 10 juin 2026.<\/p>\n<p><em>Ces dates sont susceptible de changer suivant certaines contraintes. <\/em><\/p>\n<p>&nbsp; <img loading=\"lazy\" decoding=\"async\" class=\"alignnone wp-image-4804\" src=\"https:\/\/arbr.fr\/wordpress\/wp-content\/uploads\/2023\/09\/TRICOPAPOTAGE-5-scaled.jpg\" alt=\"\" width=\"238\" height=\"217\" srcset=\"https:\/\/arbr.fr\/wordpress\/wp-content\/uploads\/2023\/09\/TRICOPAPOTAGE-5-scaled.jpg 2560w, https:\/\/arbr.fr\/wordpress\/wp-content\/uploads\/2023\/09\/TRICOPAPOTAGE-5-300x274.jpg 300w, https:\/\/arbr.fr\/wordpress\/wp-content\/uploads\/2023\/09\/TRICOPAPOTAGE-5-1024x935.jpg 1024w, https:\/\/arbr.fr\/wordpress\/wp-content\/uploads\/2023\/09\/TRICOPAPOTAGE-5-768x701.jpg 768w, https:\/\/arbr.fr\/wordpress\/wp-content\/uploads\/2023\/09\/TRICOPAPOTAGE-5-1536x1403.jpg 1536w, https:\/\/arbr.fr\/wordpress\/wp-content\/uploads\/2023\/09\/TRICOPAPOTAGE-5-2048x1870.jpg 2048w\" sizes=\"(max-width: 238px) 100vw, 238px\" \/>&nbsp; <img loading=\"lazy\" decoding=\"async\" class=\"alignnone wp-image-4806\" src=\"https:\/\/arbr.fr\/wordpress\/wp-content\/uploads\/2023\/09\/IMG_5893.jpg\" alt=\"\" width=\"288\" height=\"216\" srcset=\"https:\/\/arbr.fr\/wordpress\/wp-content\/uploads\/2023\/09\/IMG_5893.jpg 2016w, https:\/\/arbr.fr\/wordpress\/wp-content\/uploads\/2023\/09\/IMG_5893-300x225.jpg 300w, https:\/\/arbr.fr\/wordpress\/wp-content\/uploads\/2023\/09\/IMG_5893-1024x768.jpg 1024w, https:\/\/arbr.fr\/wordpress\/wp-content\/uploads\/2023\/09\/IMG_5893-768x576.jpg 768w, https:\/\/arbr.fr\/wordpress\/wp-content\/uploads\/2023\/09\/IMG_5893-1536x1152.jpg 1536w\" sizes=\"(max-width: 288px) 100vw, 288px\" \/>&nbsp; <img loading=\"lazy\" decoding=\"async\" class=\"alignnone wp-image-4807\" src=\"https:\/\/arbr.fr\/wordpress\/wp-content\/uploads\/2023\/09\/TRICOPAPOTAGE-6-1-scaled.jpg\" alt=\"\" width=\"234\" height=\"217\" srcset=\"https:\/\/arbr.fr\/wordpress\/wp-content\/uploads\/2023\/09\/TRICOPAPOTAGE-6-1-scaled.jpg 2560w, https:\/\/arbr.fr\/wordpress\/wp-content\/uploads\/2023\/09\/TRICOPAPOTAGE-6-1-300x278.jpg 300w, https:\/\/arbr.fr\/wordpress\/wp-content\/uploads\/2023\/09\/TRICOPAPOTAGE-6-1-1024x950.jpg 1024w, https:\/\/arbr.fr\/wordpress\/wp-content\/uploads\/2023\/09\/TRICOPAPOTAGE-6-1-768x712.jpg 768w, https:\/\/arbr.fr\/wordpress\/wp-content\/uploads\/2023\/09\/TRICOPAPOTAGE-6-1-1536x1425.jpg 1536w, https:\/\/arbr.fr\/wordpress\/wp-content\/uploads\/2023\/09\/TRICOPAPOTAGE-6-1-2048x1899.jpg 2048w\" sizes=\"(max-width: 234px) 100vw, 234px\" \/><\/p>\n<p>&nbsp; &nbsp; &nbsp; &nbsp; &nbsp; &nbsp; &nbsp; &nbsp; &nbsp; &nbsp; &nbsp; &nbsp;&nbsp;&nbsp; &nbsp; &nbsp; &nbsp; &nbsp; <img loading=\"lazy\" decoding=\"async\" class=\"alignnone wp-image-4803\" src=\"https:\/\/arbr.fr\/wordpress\/wp-content\/uploads\/2023\/09\/TRICOPAPOTAGE-4-scaled.jpg\" alt=\"\" width=\"211\" height=\"158\" srcset=\"https:\/\/arbr.fr\/wordpress\/wp-content\/uploads\/2023\/09\/TRICOPAPOTAGE-4-scaled.jpg 2560w, https:\/\/arbr.fr\/wordpress\/wp-content\/uploads\/2023\/09\/TRICOPAPOTAGE-4-300x225.jpg 300w, https:\/\/arbr.fr\/wordpress\/wp-content\/uploads\/2023\/09\/TRICOPAPOTAGE-4-1024x768.jpg 1024w, https:\/\/arbr.fr\/wordpress\/wp-content\/uploads\/2023\/09\/TRICOPAPOTAGE-4-768x576.jpg 768w, https:\/\/arbr.fr\/wordpress\/wp-content\/uploads\/2023\/09\/TRICOPAPOTAGE-4-1536x1152.jpg 1536w, https:\/\/arbr.fr\/wordpress\/wp-content\/uploads\/2023\/09\/TRICOPAPOTAGE-4-2048x1536.jpg 2048w\" sizes=\"(max-width: 211px) 100vw, 211px\" \/> &nbsp; &nbsp; &nbsp; &nbsp; &nbsp;&nbsp; &nbsp; &nbsp;&nbsp; <img loading=\"lazy\" decoding=\"async\" class=\"alignnone wp-image-4289\" src=\"https:\/\/arbr.fr\/wordpress\/wp-content\/uploads\/2023\/03\/tricot-papotage-2-150x150.jpg\" alt=\"\" width=\"218\" height=\"218\" srcset=\"https:\/\/arbr.fr\/wordpress\/wp-content\/uploads\/2023\/03\/tricot-papotage-2-150x150.jpg 150w, https:\/\/arbr.fr\/wordpress\/wp-content\/uploads\/2023\/03\/tricot-papotage-2-80x80.jpg 80w\" sizes=\"(max-width: 218px) 100vw, 218px\" \/><\/p>\n<p><strong>N.B.<\/strong> &#8211; <em>Pour participer \u00e0 l&rsquo;activit\u00e9 : <strong>\u00eatre adh\u00e9rent<\/strong> \u00e0 l&rsquo;association et <strong>s&rsquo;inscrire<\/strong> aupr\u00e8s de l&rsquo;intervenante ou de la permanence.<br \/>\n<\/em><\/p>\n<p>&nbsp;<\/p>\n\n","protected":false},"excerpt":{"rendered":"<p>Contact&nbsp; :&nbsp; Sylviane GIRARDET &#8211; 06 36 36 56 77 &#8211; sylviane.girardet@wanadoo.fr Tricot et papotage pour tous les \u00e2ges : un mercredi matin par mois de 9h30 \u00e0 11h30, salle S\u00e9quoia, Ferme Poisson PLANNING&#46;&#46;&#46;<\/p>\n","protected":false},"author":1,"featured_media":0,"parent":0,"menu_order":0,"comment_status":"closed","ping_status":"closed","template":"","meta":{"ngg_post_thumbnail":0,"footnotes":""},"class_list":["post-277","page","type-page","status-publish","hentry"],"yoast_head":"<!-- This site is optimized with the Yoast SEO plugin v24.1 - https:\/\/yoast.com\/wordpress\/plugins\/seo\/ -->\n<title>Tricot et Papotage - ARBR<\/title>\n<meta name=\"robots\" content=\"index, follow, max-snippet:-1, max-image-preview:large, max-video-preview:-1\" \/>\n<link rel=\"canonical\" href=\"https:\/\/arbr.fr\/wordpress\/coin-des-zaines\/\" \/>\n<meta property=\"og:locale\" content=\"fr_FR\" \/>\n<meta property=\"og:type\" content=\"article\" \/>\n<meta property=\"og:title\" content=\"Tricot et Papotage - ARBR\" \/>\n<meta property=\"og:description\" content=\"Contact&nbsp; :&nbsp; Sylviane GIRARDET &#8211; 06 36 36 56 77 &#8211; sylviane.girardet@wanadoo.fr Tricot et papotage pour tous les \u00e2ges : un mercredi matin par mois de 9h30 \u00e0 11h30, salle S\u00e9quoia, Ferme Poisson PLANNING&#046;&#046;&#046;\" \/>\n<meta property=\"og:url\" content=\"https:\/\/arbr.fr\/wordpress\/coin-des-zaines\/\" \/>\n<meta property=\"og:site_name\" content=\"ARBR\" \/>\n<meta property=\"article:modified_time\" content=\"2025-06-18T07:46:35+00:00\" \/>\n<meta property=\"og:image\" content=\"https:\/\/arbr.fr\/wordpress\/wp-content\/uploads\/2023\/09\/TRICOPAPOTAGE-5-scaled.jpg\" \/>\n\t<meta property=\"og:image:width\" content=\"2560\" \/>\n\t<meta property=\"og:image:height\" content=\"2338\" \/>\n\t<meta property=\"og:image:type\" content=\"image\/jpeg\" \/>\n<meta name=\"twitter:card\" content=\"summary_large_image\" \/>\n<meta name=\"twitter:label1\" content=\"Dur\u00e9e de lecture estim\u00e9e\" \/>\n\t<meta name=\"twitter:data1\" content=\"2 minutes\" \/>\n<script type=\"application\/ld+json\" class=\"yoast-schema-graph\">{\"@context\":\"https:\/\/schema.org\",\"@graph\":[{\"@type\":\"WebPage\",\"@id\":\"https:\/\/arbr.fr\/wordpress\/coin-des-zaines\/\",\"url\":\"https:\/\/arbr.fr\/wordpress\/coin-des-zaines\/\",\"name\":\"Tricot et Papotage - ARBR\",\"isPartOf\":{\"@id\":\"https:\/\/arbr.fr\/wordpress\/#website\"},\"primaryImageOfPage\":{\"@id\":\"https:\/\/arbr.fr\/wordpress\/coin-des-zaines\/#primaryimage\"},\"image\":{\"@id\":\"https:\/\/arbr.fr\/wordpress\/coin-des-zaines\/#primaryimage\"},\"thumbnailUrl\":\"https:\/\/arbr.fr\/wordpress\/wp-content\/uploads\/2023\/09\/TRICOPAPOTAGE-5-scaled.jpg\",\"datePublished\":\"2017-03-24T15:20:51+00:00\",\"dateModified\":\"2025-06-18T07:46:35+00:00\",\"breadcrumb\":{\"@id\":\"https:\/\/arbr.fr\/wordpress\/coin-des-zaines\/#breadcrumb\"},\"inLanguage\":\"fr-FR\",\"potentialAction\":[{\"@type\":\"ReadAction\",\"target\":[\"https:\/\/arbr.fr\/wordpress\/coin-des-zaines\/\"]}]},{\"@type\":\"ImageObject\",\"inLanguage\":\"fr-FR\",\"@id\":\"https:\/\/arbr.fr\/wordpress\/coin-des-zaines\/#primaryimage\",\"url\":\"https:\/\/arbr.fr\/wordpress\/wp-content\/uploads\/2023\/09\/TRICOPAPOTAGE-5-scaled.jpg\",\"contentUrl\":\"https:\/\/arbr.fr\/wordpress\/wp-content\/uploads\/2023\/09\/TRICOPAPOTAGE-5-scaled.jpg\",\"width\":2560,\"height\":2338},{\"@type\":\"BreadcrumbList\",\"@id\":\"https:\/\/arbr.fr\/wordpress\/coin-des-zaines\/#breadcrumb\",\"itemListElement\":[{\"@type\":\"ListItem\",\"position\":1,\"name\":\"Accueil\",\"item\":\"https:\/\/arbr.fr\/wordpress\/\"},{\"@type\":\"ListItem\",\"position\":2,\"name\":\"Tricot et Papotage\"}]},{\"@type\":\"WebSite\",\"@id\":\"https:\/\/arbr.fr\/wordpress\/#website\",\"url\":\"https:\/\/arbr.fr\/wordpress\/\",\"name\":\"ARBR\",\"description\":\"Association des r\u00e9sidents du Bois Raguenet\",\"publisher\":{\"@id\":\"https:\/\/arbr.fr\/wordpress\/#organization\"},\"potentialAction\":[{\"@type\":\"SearchAction\",\"target\":{\"@type\":\"EntryPoint\",\"urlTemplate\":\"https:\/\/arbr.fr\/wordpress\/?s={search_term_string}\"},\"query-input\":{\"@type\":\"PropertyValueSpecification\",\"valueRequired\":true,\"valueName\":\"search_term_string\"}}],\"inLanguage\":\"fr-FR\"},{\"@type\":\"Organization\",\"@id\":\"https:\/\/arbr.fr\/wordpress\/#organization\",\"name\":\"ARBR\",\"url\":\"https:\/\/arbr.fr\/wordpress\/\",\"logo\":{\"@type\":\"ImageObject\",\"inLanguage\":\"fr-FR\",\"@id\":\"https:\/\/arbr.fr\/wordpress\/#\/schema\/logo\/image\/\",\"url\":\"https:\/\/arbr.fr\/wordpress\/wp-content\/uploads\/2017\/03\/0.png\",\"contentUrl\":\"https:\/\/arbr.fr\/wordpress\/wp-content\/uploads\/2017\/03\/0.png\",\"width\":650,\"height\":283,\"caption\":\"ARBR\"},\"image\":{\"@id\":\"https:\/\/arbr.fr\/wordpress\/#\/schema\/logo\/image\/\"}}]}<\/script>\n<!-- \/ Yoast SEO plugin. -->","yoast_head_json":{"title":"Tricot et Papotage - ARBR","robots":{"index":"index","follow":"follow","max-snippet":"max-snippet:-1","max-image-preview":"max-image-preview:large","max-video-preview":"max-video-preview:-1"},"canonical":"https:\/\/arbr.fr\/wordpress\/coin-des-zaines\/","og_locale":"fr_FR","og_type":"article","og_title":"Tricot et Papotage - ARBR","og_description":"Contact&nbsp; :&nbsp; Sylviane GIRARDET &#8211; 06 36 36 56 77 &#8211; sylviane.girardet@wanadoo.fr Tricot et papotage pour tous les \u00e2ges : un mercredi matin par mois de 9h30 \u00e0 11h30, salle S\u00e9quoia, Ferme Poisson PLANNING&#46;&#46;&#46;","og_url":"https:\/\/arbr.fr\/wordpress\/coin-des-zaines\/","og_site_name":"ARBR","article_modified_time":"2025-06-18T07:46:35+00:00","og_image":[{"width":2560,"height":2338,"url":"https:\/\/arbr.fr\/wordpress\/wp-content\/uploads\/2023\/09\/TRICOPAPOTAGE-5-scaled.jpg","type":"image\/jpeg"}],"twitter_card":"summary_large_image","twitter_misc":{"Dur\u00e9e de lecture estim\u00e9e":"2 minutes"},"schema":{"@context":"https:\/\/schema.org","@graph":[{"@type":"WebPage","@id":"https:\/\/arbr.fr\/wordpress\/coin-des-zaines\/","url":"https:\/\/arbr.fr\/wordpress\/coin-des-zaines\/","name":"Tricot et Papotage - ARBR","isPartOf":{"@id":"https:\/\/arbr.fr\/wordpress\/#website"},"primaryImageOfPage":{"@id":"https:\/\/arbr.fr\/wordpress\/coin-des-zaines\/#primaryimage"},"image":{"@id":"https:\/\/arbr.fr\/wordpress\/coin-des-zaines\/#primaryimage"},"thumbnailUrl":"https:\/\/arbr.fr\/wordpress\/wp-content\/uploads\/2023\/09\/TRICOPAPOTAGE-5-scaled.jpg","datePublished":"2017-03-24T15:20:51+00:00","dateModified":"2025-06-18T07:46:35+00:00","breadcrumb":{"@id":"https:\/\/arbr.fr\/wordpress\/coin-des-zaines\/#breadcrumb"},"inLanguage":"fr-FR","potentialAction":[{"@type":"ReadAction","target":["https:\/\/arbr.fr\/wordpress\/coin-des-zaines\/"]}]},{"@type":"ImageObject","inLanguage":"fr-FR","@id":"https:\/\/arbr.fr\/wordpress\/coin-des-zaines\/#primaryimage","url":"https:\/\/arbr.fr\/wordpress\/wp-content\/uploads\/2023\/09\/TRICOPAPOTAGE-5-scaled.jpg","contentUrl":"https:\/\/arbr.fr\/wordpress\/wp-content\/uploads\/2023\/09\/TRICOPAPOTAGE-5-scaled.jpg","width":2560,"height":2338},{"@type":"BreadcrumbList","@id":"https:\/\/arbr.fr\/wordpress\/coin-des-zaines\/#breadcrumb","itemListElement":[{"@type":"ListItem","position":1,"name":"Accueil","item":"https:\/\/arbr.fr\/wordpress\/"},{"@type":"ListItem","position":2,"name":"Tricot et Papotage"}]},{"@type":"WebSite","@id":"https:\/\/arbr.fr\/wordpress\/#website","url":"https:\/\/arbr.fr\/wordpress\/","name":"ARBR","description":"Association des r\u00e9sidents du Bois Raguenet","publisher":{"@id":"https:\/\/arbr.fr\/wordpress\/#organization"},"potentialAction":[{"@type":"SearchAction","target":{"@type":"EntryPoint","urlTemplate":"https:\/\/arbr.fr\/wordpress\/?s={search_term_string}"},"query-input":{"@type":"PropertyValueSpecification","valueRequired":true,"valueName":"search_term_string"}}],"inLanguage":"fr-FR"},{"@type":"Organization","@id":"https:\/\/arbr.fr\/wordpress\/#organization","name":"ARBR","url":"https:\/\/arbr.fr\/wordpress\/","logo":{"@type":"ImageObject","inLanguage":"fr-FR","@id":"https:\/\/arbr.fr\/wordpress\/#\/schema\/logo\/image\/","url":"https:\/\/arbr.fr\/wordpress\/wp-content\/uploads\/2017\/03\/0.png","contentUrl":"https:\/\/arbr.fr\/wordpress\/wp-content\/uploads\/2017\/03\/0.png","width":650,"height":283,"caption":"ARBR"},"image":{"@id":"https:\/\/arbr.fr\/wordpress\/#\/schema\/logo\/image\/"}}]}},"_links":{"self":[{"href":"https:\/\/arbr.fr\/wordpress\/wp-json\/wp\/v2\/pages\/277"}],"collection":[{"href":"https:\/\/arbr.fr\/wordpress\/wp-json\/wp\/v2\/pages"}],"about":[{"href":"https:\/\/arbr.fr\/wordpress\/wp-json\/wp\/v2\/types\/page"}],"author":[{"embeddable":true,"href":"https:\/\/arbr.fr\/wordpress\/wp-json\/wp\/v2\/users\/1"}],"replies":[{"embeddable":true,"href":"https:\/\/arbr.fr\/wordpress\/wp-json\/wp\/v2\/comments?post=277"}],"version-history":[{"count":34,"href":"https:\/\/arbr.fr\/wordpress\/wp-json\/wp\/v2\/pages\/277\/revisions"}],"predecessor-version":[{"id":7885,"href":"https:\/\/arbr.fr\/wordpress\/wp-json\/wp\/v2\/pages\/277\/revisions\/7885"}],"wp:attachment":[{"href":"https:\/\/arbr.fr\/wordpress\/wp-json\/wp\/v2\/media?parent=277"}],"curies":[{"name":"wp","href":"https:\/\/api.w.org\/{rel}","templated":true}]}}