{"id":271,"date":"2017-03-24T16:19:50","date_gmt":"2017-03-24T15:19:50","guid":{"rendered":"http:\/\/arbr.fr\/wordpress\/?page_id=271"},"modified":"2025-12-03T11:47:40","modified_gmt":"2025-12-03T10:47:40","slug":"patchwork","status":"publish","type":"page","link":"https:\/\/arbr.fr\/wordpress\/patchwork\/","title":{"rendered":"Patchwork"},"content":{"rendered":"<p><strong>Contact et Intervenante :&nbsp; <\/strong>Josiane NOURY &#8211; 06 08 65 08 51 \u2013 <a href=\"mailto:josianenoury@hotmail.com\">josianenoury@hotmail.com<\/a><\/p>\n<p><img loading=\"lazy\" decoding=\"async\" class=\"alignnone wp-image-6394\" src=\"https:\/\/arbr.fr\/wordpress\/wp-content\/uploads\/2024\/04\/arbreP1010967-768x1024.jpg\" alt=\"\" width=\"262\" height=\"349\" srcset=\"https:\/\/arbr.fr\/wordpress\/wp-content\/uploads\/2024\/04\/arbreP1010967-768x1024.jpg 768w, https:\/\/arbr.fr\/wordpress\/wp-content\/uploads\/2024\/04\/arbreP1010967-225x300.jpg 225w, https:\/\/arbr.fr\/wordpress\/wp-content\/uploads\/2024\/04\/arbreP1010967-1152x1536.jpg 1152w, https:\/\/arbr.fr\/wordpress\/wp-content\/uploads\/2024\/04\/arbreP1010967-1536x2048.jpg 1536w, https:\/\/arbr.fr\/wordpress\/wp-content\/uploads\/2024\/04\/arbreP1010967-scaled.jpg 1920w\" sizes=\"(max-width: 262px) 100vw, 262px\" \/>&nbsp;<strong>&nbsp;<\/strong><strong>&nbsp;&nbsp; <img loading=\"lazy\" decoding=\"async\" class=\"alignnone size-full wp-image-894\" src=\"https:\/\/arbr.fr\/wordpress\/wp-content\/uploads\/2018\/10\/jamitie-231018-e1709119607599.jpg\" alt=\"\" width=\"143\" height=\"251\"><\/strong><strong> &nbsp;&nbsp;&nbsp; <\/strong><strong> <img loading=\"lazy\" decoding=\"async\" class=\"alignnone wp-image-6098\" src=\"https:\/\/arbr.fr\/wordpress\/wp-content\/uploads\/2024\/03\/Journal-1.jpg\" alt=\"\" width=\"178\" height=\"195\" srcset=\"https:\/\/arbr.fr\/wordpress\/wp-content\/uploads\/2024\/03\/Journal-1.jpg 552w, https:\/\/arbr.fr\/wordpress\/wp-content\/uploads\/2024\/03\/Journal-1-274x300.jpg 274w\" sizes=\"(max-width: 178px) 100vw, 178px\" \/><\/strong><\/p>\n<p><strong>&nbsp; <img loading=\"lazy\" decoding=\"async\" class=\"alignnone wp-image-6390\" src=\"https:\/\/arbr.fr\/wordpress\/wp-content\/uploads\/2024\/04\/IMG_5877-1024x768.jpg\" alt=\"\" width=\"366\" height=\"275\" srcset=\"https:\/\/arbr.fr\/wordpress\/wp-content\/uploads\/2024\/04\/IMG_5877-1024x768.jpg 1024w, https:\/\/arbr.fr\/wordpress\/wp-content\/uploads\/2024\/04\/IMG_5877-300x225.jpg 300w, https:\/\/arbr.fr\/wordpress\/wp-content\/uploads\/2024\/04\/IMG_5877-768x576.jpg 768w, https:\/\/arbr.fr\/wordpress\/wp-content\/uploads\/2024\/04\/IMG_5877-1536x1152.jpg 1536w, https:\/\/arbr.fr\/wordpress\/wp-content\/uploads\/2024\/04\/IMG_5877.jpg 2016w\" sizes=\"(max-width: 366px) 100vw, 366px\" \/> &nbsp; &nbsp; <\/strong><strong><img loading=\"lazy\" decoding=\"async\" class=\"alignnone wp-image-5450\" src=\"https:\/\/arbr.fr\/wordpress\/wp-content\/uploads\/2023\/12\/journal-patchwork-1-524x1024.jpg\" alt=\"\" width=\"138\" height=\"270\" srcset=\"https:\/\/arbr.fr\/wordpress\/wp-content\/uploads\/2023\/12\/journal-patchwork-1-524x1024.jpg 524w, https:\/\/arbr.fr\/wordpress\/wp-content\/uploads\/2023\/12\/journal-patchwork-1-154x300.jpg 154w, https:\/\/arbr.fr\/wordpress\/wp-content\/uploads\/2023\/12\/journal-patchwork-1-768x1500.jpg 768w, https:\/\/arbr.fr\/wordpress\/wp-content\/uploads\/2023\/12\/journal-patchwork-1-786x1536.jpg 786w, https:\/\/arbr.fr\/wordpress\/wp-content\/uploads\/2023\/12\/journal-patchwork-1-1048x2048.jpg 1048w, https:\/\/arbr.fr\/wordpress\/wp-content\/uploads\/2023\/12\/journal-patchwork-1-scaled.jpg 1311w\" sizes=\"(max-width: 138px) 100vw, 138px\" \/><\/strong><strong><br \/>\n<\/strong><\/p>\n<blockquote><p><span style=\"font-family: tahoma,arial,helvetica,sans-serif; color: black;\"><strong><span style=\"color: black; text-decoration: underline;\">Patchwork et d\u00e9couverte de la cr\u00e9ation textile<\/span><\/strong><\/span><\/p>\n<ul>\n<li><span style=\"font-family: tahoma,arial,helvetica,sans-serif; color: black;\">Les cours s&rsquo;adressent aux d\u00e9butants(es) comme aux plus confirm\u00e9s(es)<strong>.<\/strong><\/span><\/li>\n<li><span style=\"font-family: tahoma,arial,helvetica,sans-serif; color: black;\">D\u00e9couverte des techniques et des tissus, couleurs, mati\u00e8res (rubans, laines, fibres&#8230;)<\/span><\/li>\n<li><span style=\"font-family: tahoma,arial,helvetica,sans-serif; color: black;\">L&rsquo;ARBR poss\u00e8de le mat\u00e9riel pour la d\u00e9coupe du tissu.<\/span><\/li>\n<li><span style=\"font-family: tahoma,arial,helvetica,sans-serif; color: black;\">Stock de tissus \u00e0 la disposition des adh\u00e9rents(es).<\/span><\/li>\n<li><span style=\"font-family: tahoma,arial,helvetica,sans-serif; color: black;\">Les ateliers sont group\u00e9s par niveaux.<\/span><\/li>\n<li><span style=\"font-family: tahoma,arial,helvetica,sans-serif; color: black;\">Exposition tous les 2 ans.<\/span><\/li>\n<\/ul>\n<p><span style=\"font-family: tahoma,arial,helvetica,sans-serif; color: black;\">&nbsp;Josiane NOURY<\/span><\/p><\/blockquote>\n<p><strong>N.B.<\/strong> &#8211; Pour plus de renseignements (horaires, tarifs et ateliers propos\u00e9s), consulter la plaquette des activit\u00e9s en ligne sur le site de l&rsquo;ARBR<\/p>\n<p><span style=\"color: #ff00ff; font-size: 14pt;\"><strong>L&rsquo;exposition \u00e0 la salle Saint Ren\u00e9 du 24 au 26 octobre 2025 :<\/strong><\/span><\/p>\n<p><img loading=\"lazy\" decoding=\"async\" class=\"alignnone wp-image-8254\" src=\"https:\/\/arbr.fr\/wordpress\/wp-content\/uploads\/2025\/11\/affiche-patchwork-2-724x1024.jpg\" alt=\"\" width=\"455\" height=\"644\" srcset=\"https:\/\/arbr.fr\/wordpress\/wp-content\/uploads\/2025\/11\/affiche-patchwork-2-724x1024.jpg 724w, https:\/\/arbr.fr\/wordpress\/wp-content\/uploads\/2025\/11\/affiche-patchwork-2-212x300.jpg 212w, https:\/\/arbr.fr\/wordpress\/wp-content\/uploads\/2025\/11\/affiche-patchwork-2-768x1086.jpg 768w, https:\/\/arbr.fr\/wordpress\/wp-content\/uploads\/2025\/11\/affiche-patchwork-2.jpg 1050w\" sizes=\"(max-width: 455px) 100vw, 455px\" \/>&nbsp; &nbsp; &nbsp; &nbsp;<img loading=\"lazy\" decoding=\"async\" class=\"alignnone wp-image-8255\" src=\"https:\/\/arbr.fr\/wordpress\/wp-content\/uploads\/2025\/11\/Presentation-Photos-expo-724x1024.jpg\" alt=\"\" width=\"456\" height=\"645\" srcset=\"https:\/\/arbr.fr\/wordpress\/wp-content\/uploads\/2025\/11\/Presentation-Photos-expo-724x1024.jpg 724w, https:\/\/arbr.fr\/wordpress\/wp-content\/uploads\/2025\/11\/Presentation-Photos-expo-212x300.jpg 212w, https:\/\/arbr.fr\/wordpress\/wp-content\/uploads\/2025\/11\/Presentation-Photos-expo-768x1086.jpg 768w, https:\/\/arbr.fr\/wordpress\/wp-content\/uploads\/2025\/11\/Presentation-Photos-expo.jpg 1050w\" sizes=\"(max-width: 456px) 100vw, 456px\" \/><\/p>\n<p>Plus de 350 visiteurs ont admir\u00e9s les \u0153uvres de nos sp\u00e9cialistes de l&rsquo;Art textile.<\/p>\n<p>Avec la participation du p\u00e9riscolaire de l&rsquo;\u00e9cole du Bois Raguenet sur le Th\u00e8me de Jules Verne et la pr\u00e9sence de l&rsquo;association Solidarit\u00e9 Brul\u00e9 Nantes Lom\u00e9.<\/p>\n<p>&nbsp;<\/p>\n<p><span style=\"font-size: 14pt; color: #ff00ff;\"><strong>L&rsquo;exposition \u00e0 l&rsquo;Atelier des cr\u00e9ateur au Ch\u00e2teau de la Gobini\u00e8re d&rsquo;Orvault du 06 au 24 novembre 2024<\/strong><\/span><\/p>\n<p><img loading=\"lazy\" decoding=\"async\" class=\"alignnone wp-image-7047\" src=\"https:\/\/arbr.fr\/wordpress\/wp-content\/uploads\/2024\/11\/IMG_5394-768x1024.jpg\" alt=\"\" width=\"278\" height=\"370\" srcset=\"https:\/\/arbr.fr\/wordpress\/wp-content\/uploads\/2024\/11\/IMG_5394-768x1024.jpg 768w, https:\/\/arbr.fr\/wordpress\/wp-content\/uploads\/2024\/11\/IMG_5394-225x300.jpg 225w, https:\/\/arbr.fr\/wordpress\/wp-content\/uploads\/2024\/11\/IMG_5394-1152x1536.jpg 1152w, https:\/\/arbr.fr\/wordpress\/wp-content\/uploads\/2024\/11\/IMG_5394-rotated.jpg 1512w\" sizes=\"(max-width: 278px) 100vw, 278px\" \/> &nbsp; <img loading=\"lazy\" decoding=\"async\" class=\"alignnone wp-image-7046\" src=\"https:\/\/arbr.fr\/wordpress\/wp-content\/uploads\/2024\/11\/IMG_5393-768x1024.jpg\" alt=\"\" width=\"277\" height=\"369\" srcset=\"https:\/\/arbr.fr\/wordpress\/wp-content\/uploads\/2024\/11\/IMG_5393-768x1024.jpg 768w, https:\/\/arbr.fr\/wordpress\/wp-content\/uploads\/2024\/11\/IMG_5393-225x300.jpg 225w, https:\/\/arbr.fr\/wordpress\/wp-content\/uploads\/2024\/11\/IMG_5393-1152x1536.jpg 1152w, https:\/\/arbr.fr\/wordpress\/wp-content\/uploads\/2024\/11\/IMG_5393-rotated.jpg 1512w\" sizes=\"(max-width: 277px) 100vw, 277px\" \/> &nbsp;&nbsp; <img loading=\"lazy\" decoding=\"async\" class=\"alignnone wp-image-7048\" src=\"https:\/\/arbr.fr\/wordpress\/wp-content\/uploads\/2024\/11\/IMG_5395-768x1024.jpg\" alt=\"\" width=\"279\" height=\"372\" srcset=\"https:\/\/arbr.fr\/wordpress\/wp-content\/uploads\/2024\/11\/IMG_5395-768x1024.jpg 768w, https:\/\/arbr.fr\/wordpress\/wp-content\/uploads\/2024\/11\/IMG_5395-225x300.jpg 225w, https:\/\/arbr.fr\/wordpress\/wp-content\/uploads\/2024\/11\/IMG_5395-1152x1536.jpg 1152w, https:\/\/arbr.fr\/wordpress\/wp-content\/uploads\/2024\/11\/IMG_5395-rotated.jpg 1512w\" sizes=\"(max-width: 279px) 100vw, 279px\" \/><\/p>\n<p style=\"text-align: left;\"><img loading=\"lazy\" decoding=\"async\" class=\"alignnone wp-image-6990\" src=\"https:\/\/arbr.fr\/wordpress\/wp-content\/uploads\/2024\/10\/2024-10-15-affiche-patchwork-la-Gob-724x1024.jpg\" alt=\"\" width=\"292\" height=\"413\" srcset=\"https:\/\/arbr.fr\/wordpress\/wp-content\/uploads\/2024\/10\/2024-10-15-affiche-patchwork-la-Gob-724x1024.jpg 724w, https:\/\/arbr.fr\/wordpress\/wp-content\/uploads\/2024\/10\/2024-10-15-affiche-patchwork-la-Gob-212x300.jpg 212w, https:\/\/arbr.fr\/wordpress\/wp-content\/uploads\/2024\/10\/2024-10-15-affiche-patchwork-la-Gob-768x1086.jpg 768w, https:\/\/arbr.fr\/wordpress\/wp-content\/uploads\/2024\/10\/2024-10-15-affiche-patchwork-la-Gob.jpg 1050w\" sizes=\"(max-width: 292px) 100vw, 292px\" \/> &nbsp; &nbsp; &nbsp; &nbsp;<img loading=\"lazy\" decoding=\"async\" class=\"alignnone wp-image-5065\" src=\"https:\/\/arbr.fr\/wordpress\/wp-content\/uploads\/2023\/10\/affiche-patchwork-3-212x300.jpg\" sizes=\"(max-width: 293px) 100vw, 293px\" srcset=\"https:\/\/arbr.fr\/wordpress\/wp-content\/uploads\/2023\/10\/affiche-patchwork-3-212x300.jpg 212w, https:\/\/arbr.fr\/wordpress\/wp-content\/uploads\/2023\/10\/affiche-patchwork-3-724x1024.jpg 724w, https:\/\/arbr.fr\/wordpress\/wp-content\/uploads\/2023\/10\/affiche-patchwork-3-768x1086.jpg 768w, https:\/\/arbr.fr\/wordpress\/wp-content\/uploads\/2023\/10\/affiche-patchwork-3.jpg 1050w\" alt=\"\" width=\"288\" height=\"407\">&nbsp; &nbsp; &nbsp; &nbsp; &nbsp; &nbsp;&nbsp;<\/p>\n<p>&nbsp;<\/p>\n<p>&nbsp; &nbsp;&nbsp;<img loading=\"lazy\" decoding=\"async\" class=\"alignnone wp-image-5414\" src=\"https:\/\/arbr.fr\/wordpress\/wp-content\/uploads\/2023\/11\/1698066165390-473x1024.jpg\" sizes=\"(max-width: 181px) 100vw, 181px\" srcset=\"https:\/\/arbr.fr\/wordpress\/wp-content\/uploads\/2023\/11\/1698066165390-473x1024.jpg 473w, https:\/\/arbr.fr\/wordpress\/wp-content\/uploads\/2023\/11\/1698066165390-139x300.jpg 139w, https:\/\/arbr.fr\/wordpress\/wp-content\/uploads\/2023\/11\/1698066165390-768x1663.jpg 768w, https:\/\/arbr.fr\/wordpress\/wp-content\/uploads\/2023\/11\/1698066165390-709x1536.jpg 709w, https:\/\/arbr.fr\/wordpress\/wp-content\/uploads\/2023\/11\/1698066165390-946x2048.jpg 946w, https:\/\/arbr.fr\/wordpress\/wp-content\/uploads\/2023\/11\/1698066165390-scaled.jpg 1182w\" alt=\"\" width=\"181\" height=\"392\"> &nbsp;&nbsp; <img loading=\"lazy\" decoding=\"async\" class=\"alignnone wp-image-5415\" src=\"https:\/\/arbr.fr\/wordpress\/wp-content\/uploads\/2023\/11\/1698066199925-1024x473.jpg\" sizes=\"(max-width: 359px) 100vw, 359px\" srcset=\"https:\/\/arbr.fr\/wordpress\/wp-content\/uploads\/2023\/11\/1698066199925-1024x473.jpg 1024w, https:\/\/arbr.fr\/wordpress\/wp-content\/uploads\/2023\/11\/1698066199925-300x139.jpg 300w, https:\/\/arbr.fr\/wordpress\/wp-content\/uploads\/2023\/11\/1698066199925-768x355.jpg 768w, https:\/\/arbr.fr\/wordpress\/wp-content\/uploads\/2023\/11\/1698066199925-1536x709.jpg 1536w, https:\/\/arbr.fr\/wordpress\/wp-content\/uploads\/2023\/11\/1698066199925-2048x946.jpg 2048w, https:\/\/arbr.fr\/wordpress\/wp-content\/uploads\/2023\/11\/1698066199925-980x450.jpg 980w\" alt=\"\" width=\"359\" height=\"166\"><\/p>\n<p>Plus de 200 visiteurs !<\/p>\n<p>Le retour sur l\u2019exposition patchwork est \u00e0 lire dans le journal de l\u2019ARBR : Arborescence : \u00ab&nbsp;L\u2019association&nbsp;\u00bb \/ \u00ab&nbsp;Journal&nbsp;\u00bb \/&nbsp; N\u00b0292.<\/p>\n\n","protected":false},"excerpt":{"rendered":"<p>Contact et Intervenante :&nbsp; Josiane NOURY &#8211; 06 08 65 08 51 \u2013 josianenoury@hotmail.com &nbsp;&nbsp;&nbsp;&nbsp; &nbsp;&nbsp;&nbsp; &nbsp; &nbsp; &nbsp; Patchwork et d\u00e9couverte de la cr\u00e9ation textile Les cours s&rsquo;adressent aux d\u00e9butants(es) comme aux plus&#46;&#46;&#46;<\/p>\n","protected":false},"author":1,"featured_media":0,"parent":0,"menu_order":0,"comment_status":"closed","ping_status":"closed","template":"","meta":{"ngg_post_thumbnail":0,"footnotes":""},"class_list":["post-271","page","type-page","status-publish","hentry"],"yoast_head":"<!-- This site is optimized with the Yoast SEO plugin v24.1 - https:\/\/yoast.com\/wordpress\/plugins\/seo\/ -->\n<title>Patchwork - ARBR<\/title>\n<meta name=\"robots\" content=\"index, follow, max-snippet:-1, max-image-preview:large, max-video-preview:-1\" \/>\n<link rel=\"canonical\" href=\"https:\/\/arbr.fr\/wordpress\/patchwork\/\" \/>\n<meta property=\"og:locale\" content=\"fr_FR\" \/>\n<meta property=\"og:type\" content=\"article\" \/>\n<meta property=\"og:title\" content=\"Patchwork - ARBR\" \/>\n<meta property=\"og:description\" content=\"Contact et Intervenante :&nbsp; Josiane NOURY &#8211; 06 08 65 08 51 \u2013 josianenoury@hotmail.com &nbsp;&nbsp;&nbsp;&nbsp; &nbsp;&nbsp;&nbsp; &nbsp; &nbsp; &nbsp; Patchwork et d\u00e9couverte de la cr\u00e9ation textile Les cours s&rsquo;adressent aux d\u00e9butants(es) comme aux plus&#046;&#046;&#046;\" \/>\n<meta property=\"og:url\" content=\"https:\/\/arbr.fr\/wordpress\/patchwork\/\" \/>\n<meta property=\"og:site_name\" content=\"ARBR\" \/>\n<meta property=\"article:modified_time\" content=\"2025-12-03T10:47:40+00:00\" \/>\n<meta property=\"og:image\" content=\"https:\/\/arbr.fr\/wordpress\/wp-content\/uploads\/2024\/04\/arbreP1010967-scaled.jpg\" \/>\n\t<meta property=\"og:image:width\" content=\"1920\" \/>\n\t<meta property=\"og:image:height\" content=\"2560\" \/>\n\t<meta property=\"og:image:type\" content=\"image\/jpeg\" \/>\n<meta name=\"twitter:card\" content=\"summary_large_image\" \/>\n<meta name=\"twitter:label1\" content=\"Dur\u00e9e de lecture estim\u00e9e\" \/>\n\t<meta name=\"twitter:data1\" content=\"4 minutes\" \/>\n<script type=\"application\/ld+json\" class=\"yoast-schema-graph\">{\"@context\":\"https:\/\/schema.org\",\"@graph\":[{\"@type\":\"WebPage\",\"@id\":\"https:\/\/arbr.fr\/wordpress\/patchwork\/\",\"url\":\"https:\/\/arbr.fr\/wordpress\/patchwork\/\",\"name\":\"Patchwork - ARBR\",\"isPartOf\":{\"@id\":\"https:\/\/arbr.fr\/wordpress\/#website\"},\"primaryImageOfPage\":{\"@id\":\"https:\/\/arbr.fr\/wordpress\/patchwork\/#primaryimage\"},\"image\":{\"@id\":\"https:\/\/arbr.fr\/wordpress\/patchwork\/#primaryimage\"},\"thumbnailUrl\":\"https:\/\/arbr.fr\/wordpress\/wp-content\/uploads\/2024\/04\/arbreP1010967-768x1024.jpg\",\"datePublished\":\"2017-03-24T15:19:50+00:00\",\"dateModified\":\"2025-12-03T10:47:40+00:00\",\"breadcrumb\":{\"@id\":\"https:\/\/arbr.fr\/wordpress\/patchwork\/#breadcrumb\"},\"inLanguage\":\"fr-FR\",\"potentialAction\":[{\"@type\":\"ReadAction\",\"target\":[\"https:\/\/arbr.fr\/wordpress\/patchwork\/\"]}]},{\"@type\":\"ImageObject\",\"inLanguage\":\"fr-FR\",\"@id\":\"https:\/\/arbr.fr\/wordpress\/patchwork\/#primaryimage\",\"url\":\"https:\/\/arbr.fr\/wordpress\/wp-content\/uploads\/2024\/04\/arbreP1010967-scaled.jpg\",\"contentUrl\":\"https:\/\/arbr.fr\/wordpress\/wp-content\/uploads\/2024\/04\/arbreP1010967-scaled.jpg\",\"width\":1920,\"height\":2560},{\"@type\":\"BreadcrumbList\",\"@id\":\"https:\/\/arbr.fr\/wordpress\/patchwork\/#breadcrumb\",\"itemListElement\":[{\"@type\":\"ListItem\",\"position\":1,\"name\":\"Accueil\",\"item\":\"https:\/\/arbr.fr\/wordpress\/\"},{\"@type\":\"ListItem\",\"position\":2,\"name\":\"Patchwork\"}]},{\"@type\":\"WebSite\",\"@id\":\"https:\/\/arbr.fr\/wordpress\/#website\",\"url\":\"https:\/\/arbr.fr\/wordpress\/\",\"name\":\"ARBR\",\"description\":\"Association des r\u00e9sidents du Bois Raguenet\",\"publisher\":{\"@id\":\"https:\/\/arbr.fr\/wordpress\/#organization\"},\"potentialAction\":[{\"@type\":\"SearchAction\",\"target\":{\"@type\":\"EntryPoint\",\"urlTemplate\":\"https:\/\/arbr.fr\/wordpress\/?s={search_term_string}\"},\"query-input\":{\"@type\":\"PropertyValueSpecification\",\"valueRequired\":true,\"valueName\":\"search_term_string\"}}],\"inLanguage\":\"fr-FR\"},{\"@type\":\"Organization\",\"@id\":\"https:\/\/arbr.fr\/wordpress\/#organization\",\"name\":\"ARBR\",\"url\":\"https:\/\/arbr.fr\/wordpress\/\",\"logo\":{\"@type\":\"ImageObject\",\"inLanguage\":\"fr-FR\",\"@id\":\"https:\/\/arbr.fr\/wordpress\/#\/schema\/logo\/image\/\",\"url\":\"https:\/\/arbr.fr\/wordpress\/wp-content\/uploads\/2017\/03\/0.png\",\"contentUrl\":\"https:\/\/arbr.fr\/wordpress\/wp-content\/uploads\/2017\/03\/0.png\",\"width\":650,\"height\":283,\"caption\":\"ARBR\"},\"image\":{\"@id\":\"https:\/\/arbr.fr\/wordpress\/#\/schema\/logo\/image\/\"}}]}<\/script>\n<!-- \/ Yoast SEO plugin. -->","yoast_head_json":{"title":"Patchwork - ARBR","robots":{"index":"index","follow":"follow","max-snippet":"max-snippet:-1","max-image-preview":"max-image-preview:large","max-video-preview":"max-video-preview:-1"},"canonical":"https:\/\/arbr.fr\/wordpress\/patchwork\/","og_locale":"fr_FR","og_type":"article","og_title":"Patchwork - ARBR","og_description":"Contact et Intervenante :&nbsp; Josiane NOURY &#8211; 06 08 65 08 51 \u2013 josianenoury@hotmail.com &nbsp;&nbsp;&nbsp;&nbsp; &nbsp;&nbsp;&nbsp; &nbsp; &nbsp; &nbsp; Patchwork et d\u00e9couverte de la cr\u00e9ation textile Les cours s&rsquo;adressent aux d\u00e9butants(es) comme aux plus&#46;&#46;&#46;","og_url":"https:\/\/arbr.fr\/wordpress\/patchwork\/","og_site_name":"ARBR","article_modified_time":"2025-12-03T10:47:40+00:00","og_image":[{"width":1920,"height":2560,"url":"https:\/\/arbr.fr\/wordpress\/wp-content\/uploads\/2024\/04\/arbreP1010967-scaled.jpg","type":"image\/jpeg"}],"twitter_card":"summary_large_image","twitter_misc":{"Dur\u00e9e de lecture estim\u00e9e":"4 minutes"},"schema":{"@context":"https:\/\/schema.org","@graph":[{"@type":"WebPage","@id":"https:\/\/arbr.fr\/wordpress\/patchwork\/","url":"https:\/\/arbr.fr\/wordpress\/patchwork\/","name":"Patchwork - ARBR","isPartOf":{"@id":"https:\/\/arbr.fr\/wordpress\/#website"},"primaryImageOfPage":{"@id":"https:\/\/arbr.fr\/wordpress\/patchwork\/#primaryimage"},"image":{"@id":"https:\/\/arbr.fr\/wordpress\/patchwork\/#primaryimage"},"thumbnailUrl":"https:\/\/arbr.fr\/wordpress\/wp-content\/uploads\/2024\/04\/arbreP1010967-768x1024.jpg","datePublished":"2017-03-24T15:19:50+00:00","dateModified":"2025-12-03T10:47:40+00:00","breadcrumb":{"@id":"https:\/\/arbr.fr\/wordpress\/patchwork\/#breadcrumb"},"inLanguage":"fr-FR","potentialAction":[{"@type":"ReadAction","target":["https:\/\/arbr.fr\/wordpress\/patchwork\/"]}]},{"@type":"ImageObject","inLanguage":"fr-FR","@id":"https:\/\/arbr.fr\/wordpress\/patchwork\/#primaryimage","url":"https:\/\/arbr.fr\/wordpress\/wp-content\/uploads\/2024\/04\/arbreP1010967-scaled.jpg","contentUrl":"https:\/\/arbr.fr\/wordpress\/wp-content\/uploads\/2024\/04\/arbreP1010967-scaled.jpg","width":1920,"height":2560},{"@type":"BreadcrumbList","@id":"https:\/\/arbr.fr\/wordpress\/patchwork\/#breadcrumb","itemListElement":[{"@type":"ListItem","position":1,"name":"Accueil","item":"https:\/\/arbr.fr\/wordpress\/"},{"@type":"ListItem","position":2,"name":"Patchwork"}]},{"@type":"WebSite","@id":"https:\/\/arbr.fr\/wordpress\/#website","url":"https:\/\/arbr.fr\/wordpress\/","name":"ARBR","description":"Association des r\u00e9sidents du Bois Raguenet","publisher":{"@id":"https:\/\/arbr.fr\/wordpress\/#organization"},"potentialAction":[{"@type":"SearchAction","target":{"@type":"EntryPoint","urlTemplate":"https:\/\/arbr.fr\/wordpress\/?s={search_term_string}"},"query-input":{"@type":"PropertyValueSpecification","valueRequired":true,"valueName":"search_term_string"}}],"inLanguage":"fr-FR"},{"@type":"Organization","@id":"https:\/\/arbr.fr\/wordpress\/#organization","name":"ARBR","url":"https:\/\/arbr.fr\/wordpress\/","logo":{"@type":"ImageObject","inLanguage":"fr-FR","@id":"https:\/\/arbr.fr\/wordpress\/#\/schema\/logo\/image\/","url":"https:\/\/arbr.fr\/wordpress\/wp-content\/uploads\/2017\/03\/0.png","contentUrl":"https:\/\/arbr.fr\/wordpress\/wp-content\/uploads\/2017\/03\/0.png","width":650,"height":283,"caption":"ARBR"},"image":{"@id":"https:\/\/arbr.fr\/wordpress\/#\/schema\/logo\/image\/"}}]}},"_links":{"self":[{"href":"https:\/\/arbr.fr\/wordpress\/wp-json\/wp\/v2\/pages\/271"}],"collection":[{"href":"https:\/\/arbr.fr\/wordpress\/wp-json\/wp\/v2\/pages"}],"about":[{"href":"https:\/\/arbr.fr\/wordpress\/wp-json\/wp\/v2\/types\/page"}],"author":[{"embeddable":true,"href":"https:\/\/arbr.fr\/wordpress\/wp-json\/wp\/v2\/users\/1"}],"replies":[{"embeddable":true,"href":"https:\/\/arbr.fr\/wordpress\/wp-json\/wp\/v2\/comments?post=271"}],"version-history":[{"count":29,"href":"https:\/\/arbr.fr\/wordpress\/wp-json\/wp\/v2\/pages\/271\/revisions"}],"predecessor-version":[{"id":8325,"href":"https:\/\/arbr.fr\/wordpress\/wp-json\/wp\/v2\/pages\/271\/revisions\/8325"}],"wp:attachment":[{"href":"https:\/\/arbr.fr\/wordpress\/wp-json\/wp\/v2\/media?parent=271"}],"curies":[{"name":"wp","href":"https:\/\/api.w.org\/{rel}","templated":true}]}}