{"id":260,"date":"2017-03-24T16:14:07","date_gmt":"2017-03-24T15:14:07","guid":{"rendered":"http:\/\/arbr.fr\/wordpress\/?page_id=260"},"modified":"2025-08-27T12:53:53","modified_gmt":"2025-08-27T10:53:53","slug":"guitare-eveil-musical","status":"publish","type":"page","link":"https:\/\/arbr.fr\/wordpress\/guitare-eveil-musical\/","title":{"rendered":"Guitare &#8211; Basse"},"content":{"rendered":"<p><strong>Contact :<\/strong><\/p>\n<ul>\n<li>Bruno RESANO &#8211; 07 67 05 68 44 \u2013 <a href=\"mailto:bresano@yahoo.fr\">bresano@yahoo.fr<\/a><\/li>\n<\/ul>\n<p><strong>Musicien-Intervenant : <\/strong>Claude PETIT<\/p>\n<p><img loading=\"lazy\" decoding=\"async\" class=\"alignnone wp-image-4754\" src=\"https:\/\/arbr.fr\/wordpress\/wp-content\/uploads\/2023\/09\/GUITARE-2-scaled.jpg\" alt=\"\" width=\"299\" height=\"224\" srcset=\"https:\/\/arbr.fr\/wordpress\/wp-content\/uploads\/2023\/09\/GUITARE-2-scaled.jpg 2560w, https:\/\/arbr.fr\/wordpress\/wp-content\/uploads\/2023\/09\/GUITARE-2-300x225.jpg 300w, https:\/\/arbr.fr\/wordpress\/wp-content\/uploads\/2023\/09\/GUITARE-2-1024x768.jpg 1024w, https:\/\/arbr.fr\/wordpress\/wp-content\/uploads\/2023\/09\/GUITARE-2-768x576.jpg 768w, https:\/\/arbr.fr\/wordpress\/wp-content\/uploads\/2023\/09\/GUITARE-2-1536x1152.jpg 1536w, https:\/\/arbr.fr\/wordpress\/wp-content\/uploads\/2023\/09\/GUITARE-2-2048x1536.jpg 2048w\" sizes=\"(max-width: 299px) 100vw, 299px\" \/> <img loading=\"lazy\" decoding=\"async\" class=\"alignnone wp-image-4755\" src=\"https:\/\/arbr.fr\/wordpress\/wp-content\/uploads\/2023\/09\/GUITARE-3-scaled.jpg\" alt=\"\" width=\"203\" height=\"152\" srcset=\"https:\/\/arbr.fr\/wordpress\/wp-content\/uploads\/2023\/09\/GUITARE-3-scaled.jpg 2560w, https:\/\/arbr.fr\/wordpress\/wp-content\/uploads\/2023\/09\/GUITARE-3-300x225.jpg 300w, https:\/\/arbr.fr\/wordpress\/wp-content\/uploads\/2023\/09\/GUITARE-3-1024x768.jpg 1024w, https:\/\/arbr.fr\/wordpress\/wp-content\/uploads\/2023\/09\/GUITARE-3-768x576.jpg 768w, https:\/\/arbr.fr\/wordpress\/wp-content\/uploads\/2023\/09\/GUITARE-3-1536x1152.jpg 1536w, https:\/\/arbr.fr\/wordpress\/wp-content\/uploads\/2023\/09\/GUITARE-3-2048x1536.jpg 2048w\" sizes=\"(max-width: 203px) 100vw, 203px\" \/> <img loading=\"lazy\" decoding=\"async\" class=\"alignnone wp-image-398\" src=\"http:\/\/arbr.fr\/wordpress\/wp-content\/uploads\/2017\/03\/20170321_184147-e1493993717357-300x300.jpg\" alt=\"\" width=\"227\" height=\"227\" srcset=\"https:\/\/arbr.fr\/wordpress\/wp-content\/uploads\/2017\/03\/20170321_184147-e1493993717357-300x300.jpg 300w, https:\/\/arbr.fr\/wordpress\/wp-content\/uploads\/2017\/03\/20170321_184147-e1493993717357-150x150.jpg 150w, https:\/\/arbr.fr\/wordpress\/wp-content\/uploads\/2017\/03\/20170321_184147-e1493993717357-768x768.jpg 768w, https:\/\/arbr.fr\/wordpress\/wp-content\/uploads\/2017\/03\/20170321_184147-e1493993717357-1024x1024.jpg 1024w, https:\/\/arbr.fr\/wordpress\/wp-content\/uploads\/2017\/03\/20170321_184147-e1493993717357-160x160.jpg 160w, https:\/\/arbr.fr\/wordpress\/wp-content\/uploads\/2017\/03\/20170321_184147-e1493993717357-320x320.jpg 320w\" sizes=\"(max-width: 227px) 100vw, 227px\" \/> <img loading=\"lazy\" decoding=\"async\" class=\"alignnone wp-image-397\" src=\"http:\/\/arbr.fr\/wordpress\/wp-content\/uploads\/2017\/03\/20170321_182836-e1493993741741-300x300.jpg\" alt=\"\" width=\"228\" height=\"228\" srcset=\"https:\/\/arbr.fr\/wordpress\/wp-content\/uploads\/2017\/03\/20170321_182836-e1493993741741-300x300.jpg 300w, https:\/\/arbr.fr\/wordpress\/wp-content\/uploads\/2017\/03\/20170321_182836-e1493993741741-150x150.jpg 150w, https:\/\/arbr.fr\/wordpress\/wp-content\/uploads\/2017\/03\/20170321_182836-e1493993741741-768x768.jpg 768w, https:\/\/arbr.fr\/wordpress\/wp-content\/uploads\/2017\/03\/20170321_182836-e1493993741741-1024x1024.jpg 1024w, https:\/\/arbr.fr\/wordpress\/wp-content\/uploads\/2017\/03\/20170321_182836-e1493993741741-160x160.jpg 160w, https:\/\/arbr.fr\/wordpress\/wp-content\/uploads\/2017\/03\/20170321_182836-e1493993741741-320x320.jpg 320w\" sizes=\"(max-width: 228px) 100vw, 228px\" \/><\/p>\n<p>&nbsp;<\/p>\n<blockquote><p>Pour les petits \u00e0 partir de 6 ans et les grands, apprenez \u00e0 jouer de la <strong>guitare, de la basse ou du ukul\u00e9l\u00e9<\/strong> avec Claude en cours individuels. Dans un univers musical tr\u00e8s vari\u00e9, vous \u00e9voluerez tr\u00e8s vite \u00e0 votre rythme.<\/p>\n<p>Cette ann\u00e9e, Claude vous propose aussi cette ann\u00e9e 2024 des Cours de <strong>Batterie d\u00e9butant<\/strong>.<\/p>\n<p>Sans solf\u00e8ge, vous d\u00e9couvrez l\u2019\u00e9criture musicale sur des partitions et des tablatures, une m\u00e9thode ludique pour jouer instantan\u00e9ment sur votre guitare. L\u2019apprentissage ou le perfectionnement selon le niveau de chaque \u00e9l\u00e8ve \u00e9volue chaque semaine.<\/p>\n<p>Vous souhaitez jouer en famille ou avec un(e) ami(e) ? Nous adaptons les plannings pour votre plaisir musical.<\/p>\n<p>Une audition annuelle en juin cl\u00f4ture chaque saison.<\/p>\n<p><em>Claude.<\/em><\/p>\n<p><strong>Horaires <\/strong>(cours de trente minutes, ou une heure en duo) :<\/p>\n<p>Mardi : 16h30-20h00 &#8211; Mercredi : 13h30-20h00 &#8211; Jeudi : 16h30-20h30<\/p><\/blockquote>\n<p>Photos Audition 2025 :<\/p>\n<p><img loading=\"lazy\" decoding=\"async\" class=\"alignnone  wp-image-8039\" src=\"https:\/\/arbr.fr\/wordpress\/wp-content\/uploads\/2025\/08\/2025-06-Audition-724x1024.jpg\" alt=\"\" width=\"308\" height=\"435\" srcset=\"https:\/\/arbr.fr\/wordpress\/wp-content\/uploads\/2025\/08\/2025-06-Audition-724x1024.jpg 724w, https:\/\/arbr.fr\/wordpress\/wp-content\/uploads\/2025\/08\/2025-06-Audition-212x300.jpg 212w, https:\/\/arbr.fr\/wordpress\/wp-content\/uploads\/2025\/08\/2025-06-Audition-768x1086.jpg 768w, https:\/\/arbr.fr\/wordpress\/wp-content\/uploads\/2025\/08\/2025-06-Audition.jpg 1050w\" sizes=\"(max-width: 308px) 100vw, 308px\" \/>&nbsp; &nbsp; &nbsp;<img loading=\"lazy\" decoding=\"async\" class=\"alignnone  wp-image-8040\" src=\"https:\/\/arbr.fr\/wordpress\/wp-content\/uploads\/2025\/08\/407f3879-9930-4fde-a690-ca63c9cb32df1-1024x769.jpg\" alt=\"\" width=\"466\" height=\"350\" srcset=\"https:\/\/arbr.fr\/wordpress\/wp-content\/uploads\/2025\/08\/407f3879-9930-4fde-a690-ca63c9cb32df1-1024x769.jpg 1024w, https:\/\/arbr.fr\/wordpress\/wp-content\/uploads\/2025\/08\/407f3879-9930-4fde-a690-ca63c9cb32df1-300x225.jpg 300w, https:\/\/arbr.fr\/wordpress\/wp-content\/uploads\/2025\/08\/407f3879-9930-4fde-a690-ca63c9cb32df1-768x577.jpg 768w, https:\/\/arbr.fr\/wordpress\/wp-content\/uploads\/2025\/08\/407f3879-9930-4fde-a690-ca63c9cb32df1-1536x1153.jpg 1536w, https:\/\/arbr.fr\/wordpress\/wp-content\/uploads\/2025\/08\/407f3879-9930-4fde-a690-ca63c9cb32df1-2048x1538.jpg 2048w\" sizes=\"(max-width: 466px) 100vw, 466px\" \/><\/p>\n<p>Photos Audition 2024 :<\/p>\n<p><img loading=\"lazy\" decoding=\"async\" class=\"alignnone wp-image-7018\" src=\"https:\/\/arbr.fr\/wordpress\/wp-content\/uploads\/2024\/11\/20240627_192051-1024x768.jpg\" alt=\"\" width=\"392\" height=\"294\" srcset=\"https:\/\/arbr.fr\/wordpress\/wp-content\/uploads\/2024\/11\/20240627_192051-1024x768.jpg 1024w, https:\/\/arbr.fr\/wordpress\/wp-content\/uploads\/2024\/11\/20240627_192051-300x225.jpg 300w, https:\/\/arbr.fr\/wordpress\/wp-content\/uploads\/2024\/11\/20240627_192051-768x576.jpg 768w, https:\/\/arbr.fr\/wordpress\/wp-content\/uploads\/2024\/11\/20240627_192051-1536x1152.jpg 1536w, https:\/\/arbr.fr\/wordpress\/wp-content\/uploads\/2024\/11\/20240627_192051-2048x1536.jpg 2048w\" sizes=\"(max-width: 392px) 100vw, 392px\" \/>&nbsp; <img loading=\"lazy\" decoding=\"async\" class=\"alignnone wp-image-7017\" src=\"https:\/\/arbr.fr\/wordpress\/wp-content\/uploads\/2024\/11\/20240627_195412-1024x768.jpg\" alt=\"\" width=\"392\" height=\"294\" srcset=\"https:\/\/arbr.fr\/wordpress\/wp-content\/uploads\/2024\/11\/20240627_195412-1024x768.jpg 1024w, https:\/\/arbr.fr\/wordpress\/wp-content\/uploads\/2024\/11\/20240627_195412-300x225.jpg 300w, https:\/\/arbr.fr\/wordpress\/wp-content\/uploads\/2024\/11\/20240627_195412-768x576.jpg 768w, https:\/\/arbr.fr\/wordpress\/wp-content\/uploads\/2024\/11\/20240627_195412-1536x1152.jpg 1536w, https:\/\/arbr.fr\/wordpress\/wp-content\/uploads\/2024\/11\/20240627_195412-2048x1536.jpg 2048w\" sizes=\"(max-width: 392px) 100vw, 392px\" \/>&nbsp;<\/p>\n<p><img loading=\"lazy\" decoding=\"async\" class=\"alignnone wp-image-7016\" src=\"https:\/\/arbr.fr\/wordpress\/wp-content\/uploads\/2024\/11\/20240627_200941-768x1024.jpg\" alt=\"\" width=\"259\" height=\"345\" srcset=\"https:\/\/arbr.fr\/wordpress\/wp-content\/uploads\/2024\/11\/20240627_200941-768x1024.jpg 768w, https:\/\/arbr.fr\/wordpress\/wp-content\/uploads\/2024\/11\/20240627_200941-225x300.jpg 225w, https:\/\/arbr.fr\/wordpress\/wp-content\/uploads\/2024\/11\/20240627_200941-1152x1536.jpg 1152w, https:\/\/arbr.fr\/wordpress\/wp-content\/uploads\/2024\/11\/20240627_200941-1536x2048.jpg 1536w, https:\/\/arbr.fr\/wordpress\/wp-content\/uploads\/2024\/11\/20240627_200941-scaled.jpg 1920w\" sizes=\"(max-width: 259px) 100vw, 259px\" \/>&nbsp; <img loading=\"lazy\" decoding=\"async\" class=\"alignnone wp-image-7019\" src=\"https:\/\/arbr.fr\/wordpress\/wp-content\/uploads\/2024\/11\/20240627_202118-modif-1024x537.jpg\" alt=\"\" width=\"509\" height=\"267\" srcset=\"https:\/\/arbr.fr\/wordpress\/wp-content\/uploads\/2024\/11\/20240627_202118-modif-1024x537.jpg 1024w, https:\/\/arbr.fr\/wordpress\/wp-content\/uploads\/2024\/11\/20240627_202118-modif-300x157.jpg 300w, https:\/\/arbr.fr\/wordpress\/wp-content\/uploads\/2024\/11\/20240627_202118-modif-768x402.jpg 768w, https:\/\/arbr.fr\/wordpress\/wp-content\/uploads\/2024\/11\/20240627_202118-modif-1536x805.jpg 1536w, https:\/\/arbr.fr\/wordpress\/wp-content\/uploads\/2024\/11\/20240627_202118-modif-2048x1073.jpg 2048w\" sizes=\"(max-width: 509px) 100vw, 509px\" \/><\/p>\n\n","protected":false},"excerpt":{"rendered":"<p>Contact : Bruno RESANO &#8211; 07 67 05 68 44 \u2013 bresano@yahoo.fr Musicien-Intervenant : Claude PETIT &nbsp; Pour les petits \u00e0 partir de 6 ans et les grands, apprenez \u00e0 jouer de la guitare,&#46;&#46;&#46;<\/p>\n","protected":false},"author":1,"featured_media":0,"parent":0,"menu_order":0,"comment_status":"closed","ping_status":"closed","template":"","meta":{"ngg_post_thumbnail":0,"footnotes":""},"class_list":["post-260","page","type-page","status-publish","hentry"],"yoast_head":"<!-- This site is optimized with the Yoast SEO plugin v24.1 - https:\/\/yoast.com\/wordpress\/plugins\/seo\/ -->\n<title>Guitare - Basse - ARBR<\/title>\n<meta name=\"robots\" content=\"index, follow, max-snippet:-1, max-image-preview:large, max-video-preview:-1\" \/>\n<link rel=\"canonical\" href=\"https:\/\/arbr.fr\/wordpress\/guitare-eveil-musical\/\" \/>\n<meta property=\"og:locale\" content=\"fr_FR\" \/>\n<meta property=\"og:type\" content=\"article\" \/>\n<meta property=\"og:title\" content=\"Guitare - Basse - ARBR\" \/>\n<meta property=\"og:description\" content=\"Contact : Bruno RESANO &#8211; 07 67 05 68 44 \u2013 bresano@yahoo.fr Musicien-Intervenant : Claude PETIT &nbsp; Pour les petits \u00e0 partir de 6 ans et les grands, apprenez \u00e0 jouer de la guitare,&#046;&#046;&#046;\" \/>\n<meta property=\"og:url\" content=\"https:\/\/arbr.fr\/wordpress\/guitare-eveil-musical\/\" \/>\n<meta property=\"og:site_name\" content=\"ARBR\" \/>\n<meta property=\"article:modified_time\" content=\"2025-08-27T10:53:53+00:00\" \/>\n<meta property=\"og:image\" content=\"https:\/\/arbr.fr\/wordpress\/wp-content\/uploads\/2023\/09\/GUITARE-2-scaled.jpg\" \/>\n\t<meta property=\"og:image:width\" content=\"2560\" \/>\n\t<meta property=\"og:image:height\" content=\"1920\" \/>\n\t<meta property=\"og:image:type\" content=\"image\/jpeg\" \/>\n<meta name=\"twitter:card\" content=\"summary_large_image\" \/>\n<meta name=\"twitter:label1\" content=\"Dur\u00e9e de lecture estim\u00e9e\" \/>\n\t<meta name=\"twitter:data1\" content=\"3 minutes\" \/>\n<script type=\"application\/ld+json\" class=\"yoast-schema-graph\">{\"@context\":\"https:\/\/schema.org\",\"@graph\":[{\"@type\":\"WebPage\",\"@id\":\"https:\/\/arbr.fr\/wordpress\/guitare-eveil-musical\/\",\"url\":\"https:\/\/arbr.fr\/wordpress\/guitare-eveil-musical\/\",\"name\":\"Guitare - Basse - ARBR\",\"isPartOf\":{\"@id\":\"https:\/\/arbr.fr\/wordpress\/#website\"},\"primaryImageOfPage\":{\"@id\":\"https:\/\/arbr.fr\/wordpress\/guitare-eveil-musical\/#primaryimage\"},\"image\":{\"@id\":\"https:\/\/arbr.fr\/wordpress\/guitare-eveil-musical\/#primaryimage\"},\"thumbnailUrl\":\"https:\/\/arbr.fr\/wordpress\/wp-content\/uploads\/2023\/09\/GUITARE-2-scaled.jpg\",\"datePublished\":\"2017-03-24T15:14:07+00:00\",\"dateModified\":\"2025-08-27T10:53:53+00:00\",\"breadcrumb\":{\"@id\":\"https:\/\/arbr.fr\/wordpress\/guitare-eveil-musical\/#breadcrumb\"},\"inLanguage\":\"fr-FR\",\"potentialAction\":[{\"@type\":\"ReadAction\",\"target\":[\"https:\/\/arbr.fr\/wordpress\/guitare-eveil-musical\/\"]}]},{\"@type\":\"ImageObject\",\"inLanguage\":\"fr-FR\",\"@id\":\"https:\/\/arbr.fr\/wordpress\/guitare-eveil-musical\/#primaryimage\",\"url\":\"https:\/\/arbr.fr\/wordpress\/wp-content\/uploads\/2023\/09\/GUITARE-2-scaled.jpg\",\"contentUrl\":\"https:\/\/arbr.fr\/wordpress\/wp-content\/uploads\/2023\/09\/GUITARE-2-scaled.jpg\",\"width\":2560,\"height\":1920},{\"@type\":\"BreadcrumbList\",\"@id\":\"https:\/\/arbr.fr\/wordpress\/guitare-eveil-musical\/#breadcrumb\",\"itemListElement\":[{\"@type\":\"ListItem\",\"position\":1,\"name\":\"Accueil\",\"item\":\"https:\/\/arbr.fr\/wordpress\/\"},{\"@type\":\"ListItem\",\"position\":2,\"name\":\"Guitare &#8211; Basse\"}]},{\"@type\":\"WebSite\",\"@id\":\"https:\/\/arbr.fr\/wordpress\/#website\",\"url\":\"https:\/\/arbr.fr\/wordpress\/\",\"name\":\"ARBR\",\"description\":\"Association des r\u00e9sidents du Bois Raguenet\",\"publisher\":{\"@id\":\"https:\/\/arbr.fr\/wordpress\/#organization\"},\"potentialAction\":[{\"@type\":\"SearchAction\",\"target\":{\"@type\":\"EntryPoint\",\"urlTemplate\":\"https:\/\/arbr.fr\/wordpress\/?s={search_term_string}\"},\"query-input\":{\"@type\":\"PropertyValueSpecification\",\"valueRequired\":true,\"valueName\":\"search_term_string\"}}],\"inLanguage\":\"fr-FR\"},{\"@type\":\"Organization\",\"@id\":\"https:\/\/arbr.fr\/wordpress\/#organization\",\"name\":\"ARBR\",\"url\":\"https:\/\/arbr.fr\/wordpress\/\",\"logo\":{\"@type\":\"ImageObject\",\"inLanguage\":\"fr-FR\",\"@id\":\"https:\/\/arbr.fr\/wordpress\/#\/schema\/logo\/image\/\",\"url\":\"https:\/\/arbr.fr\/wordpress\/wp-content\/uploads\/2017\/03\/0.png\",\"contentUrl\":\"https:\/\/arbr.fr\/wordpress\/wp-content\/uploads\/2017\/03\/0.png\",\"width\":650,\"height\":283,\"caption\":\"ARBR\"},\"image\":{\"@id\":\"https:\/\/arbr.fr\/wordpress\/#\/schema\/logo\/image\/\"}}]}<\/script>\n<!-- \/ Yoast SEO plugin. -->","yoast_head_json":{"title":"Guitare - Basse - ARBR","robots":{"index":"index","follow":"follow","max-snippet":"max-snippet:-1","max-image-preview":"max-image-preview:large","max-video-preview":"max-video-preview:-1"},"canonical":"https:\/\/arbr.fr\/wordpress\/guitare-eveil-musical\/","og_locale":"fr_FR","og_type":"article","og_title":"Guitare - Basse - ARBR","og_description":"Contact : Bruno RESANO &#8211; 07 67 05 68 44 \u2013 bresano@yahoo.fr Musicien-Intervenant : Claude PETIT &nbsp; Pour les petits \u00e0 partir de 6 ans et les grands, apprenez \u00e0 jouer de la guitare,&#46;&#46;&#46;","og_url":"https:\/\/arbr.fr\/wordpress\/guitare-eveil-musical\/","og_site_name":"ARBR","article_modified_time":"2025-08-27T10:53:53+00:00","og_image":[{"width":2560,"height":1920,"url":"https:\/\/arbr.fr\/wordpress\/wp-content\/uploads\/2023\/09\/GUITARE-2-scaled.jpg","type":"image\/jpeg"}],"twitter_card":"summary_large_image","twitter_misc":{"Dur\u00e9e de lecture estim\u00e9e":"3 minutes"},"schema":{"@context":"https:\/\/schema.org","@graph":[{"@type":"WebPage","@id":"https:\/\/arbr.fr\/wordpress\/guitare-eveil-musical\/","url":"https:\/\/arbr.fr\/wordpress\/guitare-eveil-musical\/","name":"Guitare - Basse - ARBR","isPartOf":{"@id":"https:\/\/arbr.fr\/wordpress\/#website"},"primaryImageOfPage":{"@id":"https:\/\/arbr.fr\/wordpress\/guitare-eveil-musical\/#primaryimage"},"image":{"@id":"https:\/\/arbr.fr\/wordpress\/guitare-eveil-musical\/#primaryimage"},"thumbnailUrl":"https:\/\/arbr.fr\/wordpress\/wp-content\/uploads\/2023\/09\/GUITARE-2-scaled.jpg","datePublished":"2017-03-24T15:14:07+00:00","dateModified":"2025-08-27T10:53:53+00:00","breadcrumb":{"@id":"https:\/\/arbr.fr\/wordpress\/guitare-eveil-musical\/#breadcrumb"},"inLanguage":"fr-FR","potentialAction":[{"@type":"ReadAction","target":["https:\/\/arbr.fr\/wordpress\/guitare-eveil-musical\/"]}]},{"@type":"ImageObject","inLanguage":"fr-FR","@id":"https:\/\/arbr.fr\/wordpress\/guitare-eveil-musical\/#primaryimage","url":"https:\/\/arbr.fr\/wordpress\/wp-content\/uploads\/2023\/09\/GUITARE-2-scaled.jpg","contentUrl":"https:\/\/arbr.fr\/wordpress\/wp-content\/uploads\/2023\/09\/GUITARE-2-scaled.jpg","width":2560,"height":1920},{"@type":"BreadcrumbList","@id":"https:\/\/arbr.fr\/wordpress\/guitare-eveil-musical\/#breadcrumb","itemListElement":[{"@type":"ListItem","position":1,"name":"Accueil","item":"https:\/\/arbr.fr\/wordpress\/"},{"@type":"ListItem","position":2,"name":"Guitare &#8211; Basse"}]},{"@type":"WebSite","@id":"https:\/\/arbr.fr\/wordpress\/#website","url":"https:\/\/arbr.fr\/wordpress\/","name":"ARBR","description":"Association des r\u00e9sidents du Bois Raguenet","publisher":{"@id":"https:\/\/arbr.fr\/wordpress\/#organization"},"potentialAction":[{"@type":"SearchAction","target":{"@type":"EntryPoint","urlTemplate":"https:\/\/arbr.fr\/wordpress\/?s={search_term_string}"},"query-input":{"@type":"PropertyValueSpecification","valueRequired":true,"valueName":"search_term_string"}}],"inLanguage":"fr-FR"},{"@type":"Organization","@id":"https:\/\/arbr.fr\/wordpress\/#organization","name":"ARBR","url":"https:\/\/arbr.fr\/wordpress\/","logo":{"@type":"ImageObject","inLanguage":"fr-FR","@id":"https:\/\/arbr.fr\/wordpress\/#\/schema\/logo\/image\/","url":"https:\/\/arbr.fr\/wordpress\/wp-content\/uploads\/2017\/03\/0.png","contentUrl":"https:\/\/arbr.fr\/wordpress\/wp-content\/uploads\/2017\/03\/0.png","width":650,"height":283,"caption":"ARBR"},"image":{"@id":"https:\/\/arbr.fr\/wordpress\/#\/schema\/logo\/image\/"}}]}},"_links":{"self":[{"href":"https:\/\/arbr.fr\/wordpress\/wp-json\/wp\/v2\/pages\/260"}],"collection":[{"href":"https:\/\/arbr.fr\/wordpress\/wp-json\/wp\/v2\/pages"}],"about":[{"href":"https:\/\/arbr.fr\/wordpress\/wp-json\/wp\/v2\/types\/page"}],"author":[{"embeddable":true,"href":"https:\/\/arbr.fr\/wordpress\/wp-json\/wp\/v2\/users\/1"}],"replies":[{"embeddable":true,"href":"https:\/\/arbr.fr\/wordpress\/wp-json\/wp\/v2\/comments?post=260"}],"version-history":[{"count":31,"href":"https:\/\/arbr.fr\/wordpress\/wp-json\/wp\/v2\/pages\/260\/revisions"}],"predecessor-version":[{"id":8041,"href":"https:\/\/arbr.fr\/wordpress\/wp-json\/wp\/v2\/pages\/260\/revisions\/8041"}],"wp:attachment":[{"href":"https:\/\/arbr.fr\/wordpress\/wp-json\/wp\/v2\/media?parent=260"}],"curies":[{"name":"wp","href":"https:\/\/api.w.org\/{rel}","templated":true}]}}