{"id":247,"date":"2017-03-24T16:08:06","date_gmt":"2017-03-24T15:08:06","guid":{"rendered":"http:\/\/arbr.fr\/wordpress\/?page_id=247"},"modified":"2024-03-28T17:24:37","modified_gmt":"2024-03-28T16:24:37","slug":"foot-en-salle","status":"publish","type":"page","link":"https:\/\/arbr.fr\/wordpress\/foot-en-salle\/","title":{"rendered":"Foot en salle"},"content":{"rendered":"<p><strong>Contact et Intervenant :&nbsp; <\/strong>Guillaume TURPIN &#8211; 06 60 13 11 21 \u2013 <a href=\"mailto:gturpin@laposte.net\">gturpin@laposte.net<\/a><\/p>\n<blockquote><p><span style=\"text-decoration: underline;\"><strong>Pr\u00e9sentation de l&rsquo;activit\u00e9 du FOOT EN SALLE<\/strong><\/span><\/p><\/blockquote>\n<ul>\n<li><u>Ambiance<\/u> : activit\u00e9 de loisirs entre anciens licenci\u00e9s<\/li>\n<li><u>Horaire<\/u> : tous les LUNDIS soirs de 18h30 \u00e0 20h30 &#8211; Gymnase du Bois Raguenet<\/li>\n<\/ul>\n<p>L&rsquo;effectif de cette activit\u00e9 tourne autour d&rsquo;une vingtaine de personnes. Nous ne faisons pas partie d&rsquo;un championnat.<\/p>\n<p>Cela n&#8217;emp\u00eache pas aux adh\u00e9rents de l&rsquo;activit\u00e9 de se constituer une \u00e9quipe et de participer \u00e0 des tournois externes !<\/p>\n<p>Preuve en est que la section futsal a un palmar\u00e8s \u00e0 son actif :<\/p>\n<p>&#8211; 2016 : Demi-finaliste du tournoi de Foot en salle \u00e0 Saint-Etienne-de-Montluc<\/p>\n<p>&#8211; 2007 : <strong>Victoire<\/strong> en finale du tournoi de Foot en salle \u00e0 Pontch\u00e2teau<\/p>\n<p>L&rsquo;objectif est de passer un moment de plaisir sportif dans le respect des r\u00e8gles du futsal.<\/p>\n<p><img loading=\"lazy\" decoding=\"async\" class=\"alignnone wp-image-4750\" src=\"https:\/\/arbr.fr\/wordpress\/wp-content\/uploads\/2023\/09\/FOOT-EN-SALLE-1-scaled.jpg\" alt=\"\" width=\"306\" height=\"230\" srcset=\"https:\/\/arbr.fr\/wordpress\/wp-content\/uploads\/2023\/09\/FOOT-EN-SALLE-1-scaled.jpg 2560w, https:\/\/arbr.fr\/wordpress\/wp-content\/uploads\/2023\/09\/FOOT-EN-SALLE-1-300x225.jpg 300w, https:\/\/arbr.fr\/wordpress\/wp-content\/uploads\/2023\/09\/FOOT-EN-SALLE-1-1024x768.jpg 1024w, https:\/\/arbr.fr\/wordpress\/wp-content\/uploads\/2023\/09\/FOOT-EN-SALLE-1-768x576.jpg 768w, https:\/\/arbr.fr\/wordpress\/wp-content\/uploads\/2023\/09\/FOOT-EN-SALLE-1-1536x1152.jpg 1536w, https:\/\/arbr.fr\/wordpress\/wp-content\/uploads\/2023\/09\/FOOT-EN-SALLE-1-2048x1536.jpg 2048w\" sizes=\"(max-width: 306px) 100vw, 306px\" \/> <img loading=\"lazy\" decoding=\"async\" class=\"alignnone wp-image-4749\" src=\"https:\/\/arbr.fr\/wordpress\/wp-content\/uploads\/2023\/09\/FOOR-EN-SALLE-3-scaled.jpg\" alt=\"\" width=\"207\" height=\"276\" srcset=\"https:\/\/arbr.fr\/wordpress\/wp-content\/uploads\/2023\/09\/FOOR-EN-SALLE-3-scaled.jpg 1920w, https:\/\/arbr.fr\/wordpress\/wp-content\/uploads\/2023\/09\/FOOR-EN-SALLE-3-225x300.jpg 225w, https:\/\/arbr.fr\/wordpress\/wp-content\/uploads\/2023\/09\/FOOR-EN-SALLE-3-768x1024.jpg 768w, https:\/\/arbr.fr\/wordpress\/wp-content\/uploads\/2023\/09\/FOOR-EN-SALLE-3-1152x1536.jpg 1152w, https:\/\/arbr.fr\/wordpress\/wp-content\/uploads\/2023\/09\/FOOR-EN-SALLE-3-1536x2048.jpg 1536w\" sizes=\"(max-width: 207px) 100vw, 207px\" \/> <img loading=\"lazy\" decoding=\"async\" class=\"alignnone wp-image-4748\" src=\"https:\/\/arbr.fr\/wordpress\/wp-content\/uploads\/2023\/09\/FOOR-EN-SALLE-2-scaled.jpg\" alt=\"\" width=\"308\" height=\"231\" srcset=\"https:\/\/arbr.fr\/wordpress\/wp-content\/uploads\/2023\/09\/FOOR-EN-SALLE-2-scaled.jpg 2560w, https:\/\/arbr.fr\/wordpress\/wp-content\/uploads\/2023\/09\/FOOR-EN-SALLE-2-300x225.jpg 300w, https:\/\/arbr.fr\/wordpress\/wp-content\/uploads\/2023\/09\/FOOR-EN-SALLE-2-1024x768.jpg 1024w, https:\/\/arbr.fr\/wordpress\/wp-content\/uploads\/2023\/09\/FOOR-EN-SALLE-2-768x576.jpg 768w, https:\/\/arbr.fr\/wordpress\/wp-content\/uploads\/2023\/09\/FOOR-EN-SALLE-2-1536x1152.jpg 1536w, https:\/\/arbr.fr\/wordpress\/wp-content\/uploads\/2023\/09\/FOOR-EN-SALLE-2-2048x1536.jpg 2048w\" sizes=\"(max-width: 308px) 100vw, 308px\" \/><\/p>\n\n","protected":false},"excerpt":{"rendered":"<p>Contact et Intervenant :&nbsp; Guillaume TURPIN &#8211; 06 60 13 11 21 \u2013 gturpin@laposte.net Pr\u00e9sentation de l&rsquo;activit\u00e9 du FOOT EN SALLE Ambiance : activit\u00e9 de loisirs entre anciens licenci\u00e9s Horaire : tous les LUNDIS&#46;&#46;&#46;<\/p>\n","protected":false},"author":1,"featured_media":0,"parent":0,"menu_order":0,"comment_status":"closed","ping_status":"closed","template":"","meta":{"ngg_post_thumbnail":0,"footnotes":""},"class_list":["post-247","page","type-page","status-publish","hentry"],"yoast_head":"<!-- This site is optimized with the Yoast SEO plugin v24.1 - https:\/\/yoast.com\/wordpress\/plugins\/seo\/ -->\n<title>Foot en salle - ARBR<\/title>\n<meta name=\"robots\" content=\"index, follow, max-snippet:-1, max-image-preview:large, max-video-preview:-1\" \/>\n<link rel=\"canonical\" href=\"https:\/\/arbr.fr\/wordpress\/foot-en-salle\/\" \/>\n<meta property=\"og:locale\" content=\"fr_FR\" \/>\n<meta property=\"og:type\" content=\"article\" \/>\n<meta property=\"og:title\" content=\"Foot en salle - ARBR\" \/>\n<meta property=\"og:description\" content=\"Contact et Intervenant :&nbsp; Guillaume TURPIN &#8211; 06 60 13 11 21 \u2013 gturpin@laposte.net Pr\u00e9sentation de l&rsquo;activit\u00e9 du FOOT EN SALLE Ambiance : activit\u00e9 de loisirs entre anciens licenci\u00e9s Horaire : tous les LUNDIS&#046;&#046;&#046;\" \/>\n<meta property=\"og:url\" content=\"https:\/\/arbr.fr\/wordpress\/foot-en-salle\/\" \/>\n<meta property=\"og:site_name\" content=\"ARBR\" \/>\n<meta property=\"article:modified_time\" content=\"2024-03-28T16:24:37+00:00\" \/>\n<meta property=\"og:image\" content=\"https:\/\/arbr.fr\/wordpress\/wp-content\/uploads\/2023\/09\/FOOT-EN-SALLE-1-scaled.jpg\" \/>\n<meta name=\"twitter:card\" content=\"summary_large_image\" \/>\n<meta name=\"twitter:label1\" content=\"Dur\u00e9e de lecture estim\u00e9e\" \/>\n\t<meta name=\"twitter:data1\" content=\"2 minutes\" \/>\n<script type=\"application\/ld+json\" class=\"yoast-schema-graph\">{\"@context\":\"https:\/\/schema.org\",\"@graph\":[{\"@type\":\"WebPage\",\"@id\":\"https:\/\/arbr.fr\/wordpress\/foot-en-salle\/\",\"url\":\"https:\/\/arbr.fr\/wordpress\/foot-en-salle\/\",\"name\":\"Foot en salle - ARBR\",\"isPartOf\":{\"@id\":\"https:\/\/arbr.fr\/wordpress\/#website\"},\"primaryImageOfPage\":{\"@id\":\"https:\/\/arbr.fr\/wordpress\/foot-en-salle\/#primaryimage\"},\"image\":{\"@id\":\"https:\/\/arbr.fr\/wordpress\/foot-en-salle\/#primaryimage\"},\"thumbnailUrl\":\"https:\/\/arbr.fr\/wordpress\/wp-content\/uploads\/2023\/09\/FOOT-EN-SALLE-1-scaled.jpg\",\"datePublished\":\"2017-03-24T15:08:06+00:00\",\"dateModified\":\"2024-03-28T16:24:37+00:00\",\"breadcrumb\":{\"@id\":\"https:\/\/arbr.fr\/wordpress\/foot-en-salle\/#breadcrumb\"},\"inLanguage\":\"fr-FR\",\"potentialAction\":[{\"@type\":\"ReadAction\",\"target\":[\"https:\/\/arbr.fr\/wordpress\/foot-en-salle\/\"]}]},{\"@type\":\"ImageObject\",\"inLanguage\":\"fr-FR\",\"@id\":\"https:\/\/arbr.fr\/wordpress\/foot-en-salle\/#primaryimage\",\"url\":\"https:\/\/arbr.fr\/wordpress\/wp-content\/uploads\/2023\/09\/FOOT-EN-SALLE-1-scaled.jpg\",\"contentUrl\":\"https:\/\/arbr.fr\/wordpress\/wp-content\/uploads\/2023\/09\/FOOT-EN-SALLE-1-scaled.jpg\",\"width\":2560,\"height\":1920},{\"@type\":\"BreadcrumbList\",\"@id\":\"https:\/\/arbr.fr\/wordpress\/foot-en-salle\/#breadcrumb\",\"itemListElement\":[{\"@type\":\"ListItem\",\"position\":1,\"name\":\"Accueil\",\"item\":\"https:\/\/arbr.fr\/wordpress\/\"},{\"@type\":\"ListItem\",\"position\":2,\"name\":\"Foot en salle\"}]},{\"@type\":\"WebSite\",\"@id\":\"https:\/\/arbr.fr\/wordpress\/#website\",\"url\":\"https:\/\/arbr.fr\/wordpress\/\",\"name\":\"ARBR\",\"description\":\"Association des r\u00e9sidents du Bois Raguenet\",\"publisher\":{\"@id\":\"https:\/\/arbr.fr\/wordpress\/#organization\"},\"potentialAction\":[{\"@type\":\"SearchAction\",\"target\":{\"@type\":\"EntryPoint\",\"urlTemplate\":\"https:\/\/arbr.fr\/wordpress\/?s={search_term_string}\"},\"query-input\":{\"@type\":\"PropertyValueSpecification\",\"valueRequired\":true,\"valueName\":\"search_term_string\"}}],\"inLanguage\":\"fr-FR\"},{\"@type\":\"Organization\",\"@id\":\"https:\/\/arbr.fr\/wordpress\/#organization\",\"name\":\"ARBR\",\"url\":\"https:\/\/arbr.fr\/wordpress\/\",\"logo\":{\"@type\":\"ImageObject\",\"inLanguage\":\"fr-FR\",\"@id\":\"https:\/\/arbr.fr\/wordpress\/#\/schema\/logo\/image\/\",\"url\":\"https:\/\/arbr.fr\/wordpress\/wp-content\/uploads\/2017\/03\/0.png\",\"contentUrl\":\"https:\/\/arbr.fr\/wordpress\/wp-content\/uploads\/2017\/03\/0.png\",\"width\":650,\"height\":283,\"caption\":\"ARBR\"},\"image\":{\"@id\":\"https:\/\/arbr.fr\/wordpress\/#\/schema\/logo\/image\/\"}}]}<\/script>\n<!-- \/ Yoast SEO plugin. -->","yoast_head_json":{"title":"Foot en salle - ARBR","robots":{"index":"index","follow":"follow","max-snippet":"max-snippet:-1","max-image-preview":"max-image-preview:large","max-video-preview":"max-video-preview:-1"},"canonical":"https:\/\/arbr.fr\/wordpress\/foot-en-salle\/","og_locale":"fr_FR","og_type":"article","og_title":"Foot en salle - ARBR","og_description":"Contact et Intervenant :&nbsp; Guillaume TURPIN &#8211; 06 60 13 11 21 \u2013 gturpin@laposte.net Pr\u00e9sentation de l&rsquo;activit\u00e9 du FOOT EN SALLE Ambiance : activit\u00e9 de loisirs entre anciens licenci\u00e9s Horaire : tous les LUNDIS&#46;&#46;&#46;","og_url":"https:\/\/arbr.fr\/wordpress\/foot-en-salle\/","og_site_name":"ARBR","article_modified_time":"2024-03-28T16:24:37+00:00","og_image":[{"url":"https:\/\/arbr.fr\/wordpress\/wp-content\/uploads\/2023\/09\/FOOT-EN-SALLE-1-scaled.jpg","type":"","width":"","height":""}],"twitter_card":"summary_large_image","twitter_misc":{"Dur\u00e9e de lecture estim\u00e9e":"2 minutes"},"schema":{"@context":"https:\/\/schema.org","@graph":[{"@type":"WebPage","@id":"https:\/\/arbr.fr\/wordpress\/foot-en-salle\/","url":"https:\/\/arbr.fr\/wordpress\/foot-en-salle\/","name":"Foot en salle - ARBR","isPartOf":{"@id":"https:\/\/arbr.fr\/wordpress\/#website"},"primaryImageOfPage":{"@id":"https:\/\/arbr.fr\/wordpress\/foot-en-salle\/#primaryimage"},"image":{"@id":"https:\/\/arbr.fr\/wordpress\/foot-en-salle\/#primaryimage"},"thumbnailUrl":"https:\/\/arbr.fr\/wordpress\/wp-content\/uploads\/2023\/09\/FOOT-EN-SALLE-1-scaled.jpg","datePublished":"2017-03-24T15:08:06+00:00","dateModified":"2024-03-28T16:24:37+00:00","breadcrumb":{"@id":"https:\/\/arbr.fr\/wordpress\/foot-en-salle\/#breadcrumb"},"inLanguage":"fr-FR","potentialAction":[{"@type":"ReadAction","target":["https:\/\/arbr.fr\/wordpress\/foot-en-salle\/"]}]},{"@type":"ImageObject","inLanguage":"fr-FR","@id":"https:\/\/arbr.fr\/wordpress\/foot-en-salle\/#primaryimage","url":"https:\/\/arbr.fr\/wordpress\/wp-content\/uploads\/2023\/09\/FOOT-EN-SALLE-1-scaled.jpg","contentUrl":"https:\/\/arbr.fr\/wordpress\/wp-content\/uploads\/2023\/09\/FOOT-EN-SALLE-1-scaled.jpg","width":2560,"height":1920},{"@type":"BreadcrumbList","@id":"https:\/\/arbr.fr\/wordpress\/foot-en-salle\/#breadcrumb","itemListElement":[{"@type":"ListItem","position":1,"name":"Accueil","item":"https:\/\/arbr.fr\/wordpress\/"},{"@type":"ListItem","position":2,"name":"Foot en salle"}]},{"@type":"WebSite","@id":"https:\/\/arbr.fr\/wordpress\/#website","url":"https:\/\/arbr.fr\/wordpress\/","name":"ARBR","description":"Association des r\u00e9sidents du Bois Raguenet","publisher":{"@id":"https:\/\/arbr.fr\/wordpress\/#organization"},"potentialAction":[{"@type":"SearchAction","target":{"@type":"EntryPoint","urlTemplate":"https:\/\/arbr.fr\/wordpress\/?s={search_term_string}"},"query-input":{"@type":"PropertyValueSpecification","valueRequired":true,"valueName":"search_term_string"}}],"inLanguage":"fr-FR"},{"@type":"Organization","@id":"https:\/\/arbr.fr\/wordpress\/#organization","name":"ARBR","url":"https:\/\/arbr.fr\/wordpress\/","logo":{"@type":"ImageObject","inLanguage":"fr-FR","@id":"https:\/\/arbr.fr\/wordpress\/#\/schema\/logo\/image\/","url":"https:\/\/arbr.fr\/wordpress\/wp-content\/uploads\/2017\/03\/0.png","contentUrl":"https:\/\/arbr.fr\/wordpress\/wp-content\/uploads\/2017\/03\/0.png","width":650,"height":283,"caption":"ARBR"},"image":{"@id":"https:\/\/arbr.fr\/wordpress\/#\/schema\/logo\/image\/"}}]}},"_links":{"self":[{"href":"https:\/\/arbr.fr\/wordpress\/wp-json\/wp\/v2\/pages\/247"}],"collection":[{"href":"https:\/\/arbr.fr\/wordpress\/wp-json\/wp\/v2\/pages"}],"about":[{"href":"https:\/\/arbr.fr\/wordpress\/wp-json\/wp\/v2\/types\/page"}],"author":[{"embeddable":true,"href":"https:\/\/arbr.fr\/wordpress\/wp-json\/wp\/v2\/users\/1"}],"replies":[{"embeddable":true,"href":"https:\/\/arbr.fr\/wordpress\/wp-json\/wp\/v2\/comments?post=247"}],"version-history":[{"count":30,"href":"https:\/\/arbr.fr\/wordpress\/wp-json\/wp\/v2\/pages\/247\/revisions"}],"predecessor-version":[{"id":6326,"href":"https:\/\/arbr.fr\/wordpress\/wp-json\/wp\/v2\/pages\/247\/revisions\/6326"}],"wp:attachment":[{"href":"https:\/\/arbr.fr\/wordpress\/wp-json\/wp\/v2\/media?parent=247"}],"curies":[{"name":"wp","href":"https:\/\/api.w.org\/{rel}","templated":true}]}}